000
CDUS46 KPQR 201148
CLIAST


CLIMATE REPORT
NATIONAL WEATHER SERVICE PORTLAND OREGON
448 AM PDT SUN MAY 20 2018


...................................

...THE ASTORIA OR CLIMATE SUMMARY FOR MAY 19 2018...

CLIMATE NORMAL PERIOD 1981 TO 2010
CLIMATE RECORD PERIOD 1892 TO 2018


WEATHER ITEM   OBSERVED TIME   RECORD YEAR NORMAL DEPARTURE LAST
                VALUE   (LST)  VALUE       VALUE  FROM      YEAR
                                                  NORMAL
..................................................................
TEMPERATURE (F)
 YESTERDAY
  MAXIMUM         60   1145 AM  81    1978  61     -1       65
                                      1961
  MINIMUM         53   1159 PM  37    2012  46      7       51
                                      1995
                                      1982
  AVERAGE         57                        54      3       58

PRECIPITATION (IN)
  YESTERDAY        0.00          1.60 1960   0.09  -0.09     0.02
  MONTH TO DATE    0.42                      2.13  -1.71     5.78
  SINCE OCT 1     63.93                     59.19   4.74    90.89
  SINCE JAN 1     33.14                     32.17   0.97    47.02

DEGREE DAYS
 HEATING
  YESTERDAY        8                        11     -3        7
  MONTH TO DATE  183                       245    -62      244
  SINCE MAR 1   1252                      1312    -60     1283
  SINCE JUL 1   4410                      4654   -244     4266

 COOLING
  YESTERDAY        0                         0      0        0
  MONTH TO DATE    0                         0      0        0
  SINCE MAR 1      1                         0      1        0
  SINCE JAN 1      1                         0      1        0
..................................................................


WIND (MPH)
  HIGHEST WIND SPEED    14   HIGHEST WIND DIRECTION     W (280)
  HIGHEST GUST SPEED    17   HIGHEST GUST DIRECTION     W (280)
  AVERAGE WIND SPEED     4.6


SKY COVER
  POSSIBLE SUNSHINE  MM
  AVERAGE SKY COVER 1.0


WEATHER CONDITIONS
 THE FOLLOWING WEATHER WAS RECORDED YESTERDAY.
  FOG
  HAZE


RELATIVE HUMIDITY (PERCENT)
 HIGHEST    93           100 AM
 LOWEST     77           900 AM
 AVERAGE    85

..........................................................


THE ASTORIA OR CLIMATE NORMALS FOR TODAY
                         NORMAL    RECORD    YEAR
 MAXIMUM TEMPERATURE (F)   61        85      1914
 MINIMUM TEMPERATURE (F)   46        37      1909


SUNRISE AND SUNSET
MAY 20 2018...........SUNRISE   537 AM PDT   SUNSET   848 PM PDT
MAY 21 2018...........SUNRISE   536 AM PDT   SUNSET   849 PM PDT


-  INDICATES NEGATIVE NUMBERS.
R  INDICATES RECORD WAS SET OR TIED.
MM INDICATES DATA IS MISSING.
T  INDICATES TRACE AMOUNT.




$$
