000
CDUS42 KFFC 220029
CLIATL


CLIMATE REPORT
NATIONAL WEATHER SERVICE PEACHTREE CITY GA
828 PM EDT MON MAY 21 2018


...................................

...THE ATLANTA CLIMATE SUMMARY FOR MAY 21 2018...
VALID AS OF 0800 PM LOCAL TIME.

CLIMATE NORMAL PERIOD 1981 TO 2010
CLIMATE RECORD PERIOD 1878 TO 2018


WEATHER ITEM   OBSERVED TIME   RECORD YEAR NORMAL DEPARTURE LAST
                VALUE   (LST)  VALUE       VALUE  FROM      YEAR
                                                  NORMAL
..................................................................
TEMPERATURE (F)
 TODAY
  MAXIMUM         83    433 PM  96    1941  81      2       83
  MINIMUM         66    428 AM  44    1894  62      4       68
  AVERAGE         75                        72      3       76

PRECIPITATION (IN)
  TODAY            0.18          4.13 1901   0.11   0.07     0.57
  MONTH TO DATE    2.57                      2.56   0.01     1.84
  SINCE MAR 1     13.96                     10.73   3.23    10.27
  SINCE JAN 1     23.33                     19.60   3.73    20.32

SNOWFALL (IN)
  TODAY            0.0           0.0  2002   0.0    0.0      0.0
                                      2001
                                      2000
  MONTH TO DATE    0.0                       0.0    0.0      0.0
  SINCE MAR 1      0.0                       0.8   -0.8       T
  SINCE JUL 1      4.7                       2.9    1.8       T
  SNOW DEPTH       0

DEGREE DAYS
 HEATING
  TODAY            0                         0      0        0
  MONTH TO DATE    0                        24    -24       24
  SINCE MAR 1    523                       509     14      334
  SINCE JUL 1   2467                      2764   -297     1690

 COOLING
  TODAY           10                         7      3       11
  MONTH TO DATE  189                       102     87      147
  SINCE MAR 1    212                       167     45      331
  SINCE JAN 1    239                       168     71      336
..................................................................


WIND (MPH)
  RESULTANT WIND SPEED   6   RESULTANT WIND DIRECTION  SE (120)
  HIGHEST WIND SPEED    18   HIGHEST WIND DIRECTION    SE (150)
  HIGHEST GUST SPEED    24   HIGHEST GUST DIRECTION    SE (130)
  AVERAGE WIND SPEED     6.3


SKY COVER
  AVERAGE SKY COVER 0.8


WEATHER CONDITIONS
 THE FOLLOWING WEATHER WAS RECORDED TODAY.
  HAZE


RELATIVE HUMIDITY (PERCENT)
 HIGHEST    93           300 AM
 LOWEST     54           400 PM

..........................................................


THE ATLANTA CLIMATE NORMALS FOR TOMORROW
                         NORMAL    RECORD    YEAR
 MAXIMUM TEMPERATURE (F)   81        94      1941
                                             1938
 MINIMUM TEMPERATURE (F)   62        43      1883


SUNRISE AND SUNSET
MAY 21 2018...........SUNRISE   633 AM EDT   SUNSET   836 PM EDT
MAY 22 2018...........SUNRISE   633 AM EDT   SUNSET   837 PM EDT


-  INDICATES NEGATIVE NUMBERS.
R  INDICATES RECORD WAS SET OR TIED.
MM INDICATES DATA IS MISSING.
T  INDICATES TRACE AMOUNT.




$$
