000
CDUS43 KABR 262249
CLIATY


CLIMATE REPORT
NATIONAL WEATHER SERVICE ABERDEEN SD
546 PM CDT SAT MAY 26 2018


...................................

...THE WATERTOWN SD CLIMATE SUMMARY FOR MAY 26 2018...
VALID TODAY AS OF 0500 PM LOCAL TIME.

CLIMATE NORMAL PERIOD 1981 TO 2010
CLIMATE RECORD PERIOD 1898 TO 2018


WEATHER ITEM   OBSERVED TIME   RECORD YEAR NORMAL DEPARTURE LAST
                VALUE   (LST)  VALUE       VALUE  FROM      YEAR
                                                  NORMAL
..................................................................
TEMPERATURE (F)
 TODAY
  MAXIMUM         89    400 PM  91    1911  70     19       71
  MINIMUM         57    538 AM  30    1961  48      9       47
                                      1971
  AVERAGE         73                        59     14       59

PRECIPITATION (IN)
  TODAY            0.00          0.98 1939   0.09  -0.09     0.00
  MONTH TO DATE    1.67                      2.16  -0.49     2.08
  SINCE MAR 1      4.05                      5.29  -1.24     4.15
  SINCE JAN 1      4.90                      6.37  -1.47     4.93

SNOWFALL (IN)
  TODAY            0.0
  MONTH TO DATE    0.0
  SINCE OCT 1     53.1
  SINCE JUL 1     53.1
  SNOW DEPTH       0

DEGREE DAYS
 HEATING
  TODAY            0                         7     -7        6
  MONTH TO DATE  164                       265   -101      272
  SINCE MAR 1   2244                      2005    239     1979
  SINCE JUL 1   8611                      8416    195     7580

 COOLING
  TODAY            8                         1      7        0
  MONTH TO DATE   44                        15     29       11
  SINCE MAR 1     44                        17     27       11
  SINCE JAN 1     44                        17     27       11
..................................................................


WIND (MPH)
  HIGHEST WIND SPEED    14   HIGHEST WIND DIRECTION    NW (300)
  HIGHEST GUST SPEED    20   HIGHEST GUST DIRECTION    NW (300)
  AVERAGE WIND SPEED    MM


SKY COVER
  POSSIBLE SUNSHINE  MM
  AVERAGE SKY COVER 0.0


WEATHER CONDITIONS
 THE FOLLOWING WEATHER WAS RECORDED TODAY.
  NO SIGNIFICANT WEATHER WAS OBSERVED.


RELATIVE HUMIDITY (PERCENT)
 HIGHEST    93           500 AM
 LOWEST     29           400 PM
 AVERAGE    61

..........................................................


THE WATERTOWN SD CLIMATE NORMALS FOR TOMORROW
                         NORMAL    RECORD    YEAR
 MAXIMUM TEMPERATURE (F)   71        93      1900
 MINIMUM TEMPERATURE (F)   49        28      1928


SUNRISE AND SUNSET
MAY 26 2018...........SUNRISE   549 AM CDT   SUNSET   902 PM CDT
MAY 27 2018...........SUNRISE   549 AM CDT   SUNSET   903 PM CDT


-  INDICATES NEGATIVE NUMBERS.
R  INDICATES RECORD WAS SET OR TIED.
MM INDICATES DATA IS MISSING.
T  INDICATES TRACE AMOUNT.




$$
