000
CDUS42 KGSP 190634 RRA
CLIAVL

CLIMATE REPORT
NATIONAL WEATHER SERVICE GREENVILLE-SPARTANBURG SC
233 AM EDT THU APR 19 2018


...................................

...THE ASHEVILLE NC CLIMATE SUMMARY FOR APRIL 18 2018...

CLIMATE NORMAL PERIOD 1981 TO 2010
CLIMATE RECORD PERIOD 1869 TO 2018


WEATHER ITEM   OBSERVED TIME   RECORD YEAR NORMAL DEPARTURE LAST
                VALUE   (LST)  VALUE       VALUE  FROM      YEAR
                                                  NORMAL
..................................................................
TEMPERATURE (F)
 YESTERDAY
  MAXIMUM         86    253 PM  90    1896  69     17       62
  MINIMUM         52   1209 AM  28    1905  43      9       57
  AVERAGE         69                        56     13       60

PRECIPITATION (IN)
  YESTERDAY        0.00          1.24 1969   0.11  -0.11     0.01
  MONTH TO DATE    2.77                      1.99   0.78     3.08
  SINCE MAR 1      5.88                      5.82   0.06     7.00
  SINCE JAN 1     15.49                     13.25   2.24    11.42

SNOWFALL (IN)
  YESTERDAY        0.0           2.0  1983   0.0             0.0
  MONTH TO DATE    T                         0.6             0.0
  SINCE MAR 1      1.2                       2.5             2.1
  SINCE JUL 1     12.0                       9.8             9.4
  SNOW DEPTH       0

DEGREE DAYS
 HEATING
  YESTERDAY        0                         9     -9        5
  MONTH TO DATE  209                       208      1      113
  SINCE MAR 1    795                       763     32      620
  SINCE JUL 1   3645                      3980   -335     3014

 COOLING
  YESTERDAY        4                         0      4        0
  MONTH TO DATE    4                         0      4        6
  SINCE MAR 1      4                         1      3        6
  SINCE JAN 1      8                         1      7        6
..................................................................


WIND (MPH)
  HIGHEST WIND SPEED    24   HIGHEST WIND DIRECTION     S (200)
  HIGHEST GUST SPEED    32   HIGHEST GUST DIRECTION     S (190)
  AVERAGE WIND SPEED     8.1


SKY COVER
  POSSIBLE SUNSHINE  MM
  AVERAGE SKY COVER 0.0


WEATHER CONDITIONS
 THE FOLLOWING WEATHER WAS RECORDED YESTERDAY.
  NO SIGNIFICANT WEATHER WAS OBSERVED.


RELATIVE HUMIDITY (PERCENT)
 HIGHEST    71          1200 AM
 LOWEST     12           200 PM
 AVERAGE    42

..........................................................


THE ASHEVILLE NC CLIMATE NORMALS FOR TODAY
                         NORMAL    RECORD    YEAR
 MAXIMUM TEMPERATURE (F)   69        89      1896
 MINIMUM TEMPERATURE (F)   44        27      1983


SUNRISE AND SUNSET
APRIL 19 2018.........SUNRISE   653 AM EDT   SUNSET   806 PM EDT
APRIL 20 2018.........SUNRISE   651 AM EDT   SUNSET   807 PM EDT


-  INDICATES NEGATIVE NUMBERS.
R  INDICATES RECORD WAS SET OR TIED.
MM INDICATES DATA IS MISSING.
T  INDICATES TRACE AMOUNT.




$$
JPT
