000
CDUS43 KGRR 201331
CLIAZO


CLIMATE REPORT
NATIONAL WEATHER SERVICE GRAND RAPIDS, MI
931 AM EDT FRI APR 20 2018


...................................

...THE KALAMAZOO MI CLIMATE SUMMARY FOR APRIL 20 2018...
VALID AS OF 0900 AM LOCAL TIME.

CLIMATE NORMAL PERIOD 1981 TO 2010
CLIMATE RECORD PERIOD 1998 TO 2018


WEATHER ITEM   OBSERVED TIME   NORMAL DEPARTURE LAST
                VALUE   (LST)  VALUE  FROM      YEAR
                                      NORMAL
......................................................
TEMPERATURE (F)
 TODAY
  MAXIMUM         42    759 AM  62    -20       72
  MINIMUM         29    615 AM  40    -11       52
  AVERAGE         36            51    -15       62

PRECIPITATION (IN)
  TODAY            0.00          0.09  -0.09     0.43
  MONTH TO DATE    2.20          1.95   0.25     1.74
  SINCE MAR 1      3.80          4.20  -0.40     5.91
  SINCE JAN 1      9.63          7.44   2.19    10.63

DEGREE DAYS
 HEATING
  TODAY           29            14     15        3
  MONTH TO DATE  558           360    198      250
  SINCE MAR 1   1472          1244    228     1134
  SINCE JUL 1   6033          6017     16     5030

 COOLING
  TODAY            0             0      0        0
  MONTH TO DATE    0             0      0        5
  SINCE MAR 1      0             0      0        5
  SINCE JAN 1      0             0      0        5
......................................................


WIND (MPH)
  RESULTANT WIND SPEED   4   RESULTANT WIND DIRECTION   N (340)
  HIGHEST WIND SPEED    10   HIGHEST WIND DIRECTION     N (350)
  HIGHEST GUST SPEED    12   HIGHEST GUST DIRECTION     N (350)
  AVERAGE WIND SPEED     4.7


SKY COVER
  AVERAGE SKY COVER 0.0


WEATHER CONDITIONS
 THE FOLLOWING WEATHER WAS RECORDED TODAY.
  NO SIGNIFICANT WEATHER WAS OBSERVED.


RELATIVE HUMIDITY (PERCENT)
 HIGHEST    75           600 AM
 LOWEST     39           800 AM
 AVERAGE    57

..........................................................


THE KALAMAZOO MI CLIMATE NORMALS FOR TOMORROW
                         NORMAL
 MAXIMUM TEMPERATURE (F)   62
 MINIMUM TEMPERATURE (F)   40


SUNRISE AND SUNSET
APRIL 20 2018.........SUNRISE   654 AM EDT   SUNSET   829 PM EDT
APRIL 21 2018.........SUNRISE   652 AM EDT   SUNSET   830 PM EDT


-  INDICATES NEGATIVE NUMBERS.
R  INDICATES RECORD WAS SET OR TIED.
MM INDICATES DATA IS MISSING.
T  INDICATES TRACE AMOUNT.




$$
