000
CDAK48 PAFC 270105
CLIBET


CLIMATE REPORT
NATIONAL WEATHER SERVICE ANCHORAGE, AK
504 PM AKDT THU APR 26 2018


...................................

...THE BETHEL CLIMATE SUMMARY FOR APRIL 26 2018...
VALID TODAY AS OF 0500 PM LOCAL TIME.

CLIMATE NORMAL PERIOD 1981 TO 2010
CLIMATE RECORD PERIOD 1948 TO 2018


WEATHER ITEM   OBSERVED TIME   RECORD YEAR NORMAL DEPARTURE LAST
                VALUE   (LST)  VALUE       VALUE  FROM      YEAR
                                                  NORMAL
..................................................................
TEMPERATURE (F)
 TODAY
  MAXIMUM         40        MM  58    1958  41     -1       50
  MINIMUM         32        MM  -4    1964  25      7       33
  AVERAGE         36                        33      3       42

PRECIPITATION (IN)
  TODAY            0.03          0.41 2009   0.02   0.01     0.06
  MONTH TO DATE    0.81                      0.62   0.19     0.41
  SINCE MAR 1      1.32                      1.33  -0.01     0.71
  SINCE JAN 1      3.09                      2.83   0.26     2.60

SNOWFALL (IN)
  TODAY            T             2.4  1951   0.1   -0.1      0.0
  MONTH TO DATE    0.6                       5.2   -4.6      0.9
  SINCE MAR 1      5.7                      13.4   -7.7      3.8
  SINCE JUL 1     35.3                      59.2  -23.9     31.2
  SNOW DEPTH       0

DEGREE DAYS
 HEATING
  TODAY           29                        32     -3       23
  MONTH TO DATE  843                      1018   -175      766
  SINCE MAR 1   2153                      2562   -409     2591
  SINCE JUL 1   9406                     11300  -1894    10851

 COOLING
  TODAY            0                         0      0        0
  MONTH TO DATE    0                         0      0        0
  SINCE MAR 1      0                         0      0        0
  SINCE JAN 1      0                         0      0        0
..................................................................


WIND (MPH)
  RESULTANT WIND SPEED  15   RESULTANT WIND DIRECTION   S (190)
  HIGHEST WIND SPEED    27   HIGHEST WIND DIRECTION     S (200)
  HIGHEST GUST SPEED    39   HIGHEST GUST DIRECTION    SW (210)
  AVERAGE WIND SPEED    14.9



WEATHER CONDITIONS
 THE FOLLOWING WEATHER WAS RECORDED TODAY.
  LIGHT RAIN
  SNOW
  LIGHT SNOW
  FOG


RELATIVE HUMIDITY (PERCENT)
 HIGHEST   100
 LOWEST     70
 AVERAGE    85

..........................................................


THE BETHEL CLIMATE NORMALS FOR TOMORROW
                         NORMAL    RECORD    YEAR
 MAXIMUM TEMPERATURE (F)   41        59      2014
 MINIMUM TEMPERATURE (F)   26       -13      1924


SUNRISE AND SUNSET
APRIL 26 2018.........SUNRISE   654 AM AKDT  SUNSET  1037 PM AKDT
APRIL 27 2018.........SUNRISE   652 AM AKDT  SUNSET  1040 PM AKDT


-  INDICATES NEGATIVE NUMBERS.
R  INDICATES RECORD WAS SET OR TIED.
MM INDICATES DATA IS MISSING.
T  INDICATES TRACE AMOUNT.




$$
