000
CDUS41 KCAR 240554
CLIBGR


CLIMATE REPORT
NATIONAL WEATHER SERVICE CARIBOU, ME
149 AM EDT TUE APR 24 2018


...................................

...THE BANGOR ME CLIMATE SUMMARY FOR APRIL 23 2018...

CLIMATE NORMAL PERIOD 1981 TO 2010
CLIMATE RECORD PERIOD 1925 TO 2018


WEATHER ITEM   OBSERVED TIME   RECORD YEAR NORMAL DEPARTURE LAST
                VALUE   (LST)  VALUE       VALUE  FROM      YEAR
                                                  NORMAL
..................................................................
TEMPERATURE (F)
 YESTERDAY
  MAXIMUM         66    309 PM  83    2007  56     10       60
  MINIMUM         24    343 AM  22    1944  35    -11       36
                                      1933
                                      1929
  AVERAGE         45                        46     -1       48

PRECIPITATION (IN)
  YESTERDAY        0.00          2.32 2012   0.12  -0.12     0.00
  MONTH TO DATE    2.47                      2.79  -0.32     2.78
  SINCE MAR 1      4.65                      6.17  -1.52     4.85
  SINCE JAN 1     13.17                     11.58   1.59    10.74

SNOWFALL (IN)
  YESTERDAY        0.0           2.6  1964   0.0             0.0
  MONTH TO DATE    2.3                       3.5             2.3
  SINCE MAR 1     35.3                      15.2            19.3
  SINCE JUL 1    111.3                      65.9            82.6
  SNOW DEPTH       0

DEGREE DAYS
 HEATING
  YESTERDAY       20                        19      1       17
  MONTH TO DATE  636                       550     86      485
  SINCE MAR 1   1674                      1627     47     1699
  SINCE JUL 1   6892                      7273   -381     6827

 COOLING
  YESTERDAY        0                         0      0        0
  MONTH TO DATE    0                         0      0        0
  SINCE MAR 1      0                         0      0        0
  SINCE JAN 1      0                         0      0        0
..................................................................


WIND (MPH)
  RESULTANT WIND SPEED   2   RESULTANT WIND DIRECTION  SW (240)
  HIGHEST WIND SPEED    16   HIGHEST WIND DIRECTION     S (180)
  HIGHEST GUST SPEED    21   HIGHEST GUST DIRECTION     S (180)


SKY COVER
  POSSIBLE SUNSHINE  MM
  AVERAGE SKY COVER 0.1


WEATHER CONDITIONS
 THE FOLLOWING WEATHER WAS RECORDED YESTERDAY.
  NO SIGNIFICANT WEATHER WAS OBSERVED.


RELATIVE HUMIDITY (PERCENT)
 HIGHEST    75
 LOWEST     12
 AVERAGE    44

..........................................................


THE BANGOR ME CLIMATE NORMALS FOR TODAY
                         NORMAL    RECORD    YEAR
 MAXIMUM TEMPERATURE (F)   57        79      1942
 MINIMUM TEMPERATURE (F)   35        22      1944


SUNRISE AND SUNSET
APRIL 24 2018.........SUNRISE   536 AM EDT   SUNSET   732 PM EDT
APRIL 25 2018.........SUNRISE   534 AM EDT   SUNSET   733 PM EDT


-  INDICATES NEGATIVE NUMBERS.
R  INDICATES RECORD WAS SET OR TIED.
MM INDICATES DATA IS MISSING.
T  INDICATES TRACE AMOUNT.




$$
