000
CDUS45 KVEF 210828
CLIBIH


CLIMATE REPORT
NATIONAL WEATHER SERVICE LAS VEGAS, NV
127 AM PDT MON MAY 21 2018


...................................

...THE BISHOP CA CLIMATE SUMMARY FOR MAY 20 2018...

CLIMATE NORMAL PERIOD 1981 TO 2010
CLIMATE RECORD PERIOD 1943 TO 2018


WEATHER ITEM   OBSERVED TIME   RECORD YEAR NORMAL DEPARTURE LAST
                VALUE   (LST)  VALUE       VALUE  FROM      YEAR
                                                  NORMAL
..................................................................
TEMPERATURE (F)
 YESTERDAY
  MAXIMUM         81    411 PM  96    1984  84     -3       86
  MINIMUM         42    259 AM  31    1974  45     -3       41
  AVERAGE         62                        64     -2       64

PRECIPITATION (IN)
  YESTERDAY        0.15          0.36 1987   0.00   0.15     0.00
  MONTH TO DATE    0.18                      0.11   0.07     0.35
  SINCE OCT 1      1.40                      4.42  -3.02     9.16
  SINCE JAN 1      1.24                      2.80  -1.56     8.80

SNOWFALL (IN)
  YESTERDAY       MM             T    1987   0.0   MM        0.0
  MONTH TO DATE    0.0                       0.0    0.0      0.0
  SINCE MAR 1      0.0                       0.6   -0.6       T
  SINCE JUL 1      0.2                       8.0   -7.8      8.6
  SNOW DEPTH       0

DEGREE DAYS
 HEATING
  YESTERDAY        3                         3      0        1
  MONTH TO DATE   67                        92    -25       97
  SINCE MAR 1    802                       927   -125      781
  SINCE JUL 1   3631                      4134   -503     3781

 COOLING
  YESTERDAY        0                         2     -2        0
  MONTH TO DATE   34                        26      8       17
  SINCE MAR 1     46                        30     16       17
  SINCE JAN 1     46                        30     16       17
..................................................................


WIND (MPH)
  RESULTANT WIND SPEED   2   RESULTANT WIND DIRECTION  SE (150)
  HIGHEST WIND SPEED    26   HIGHEST WIND DIRECTION    SE (150)
  HIGHEST GUST SPEED    35   HIGHEST GUST DIRECTION     S (170)
  AVERAGE WIND SPEED    10.5


SKY COVER
  POSSIBLE SUNSHINE  MM
  AVERAGE SKY COVER 0.3


WEATHER CONDITIONS
 THE FOLLOWING WEATHER WAS RECORDED YESTERDAY.
  THUNDERSTORM
  RAIN
  LIGHT RAIN
  FOG


RELATIVE HUMIDITY (PERCENT)
 HIGHEST    93          1100 PM
 LOWEST     14           100 PM
 AVERAGE    54

..........................................................


THE BISHOP CA CLIMATE NORMALS FOR TODAY
                         NORMAL    RECORD    YEAR
 MAXIMUM TEMPERATURE (F)   84        95      2012
                                             2000
                                             1979
 MINIMUM TEMPERATURE (F)   46        34      2002
                                             1987


SUNRISE AND SUNSET
MAY 21 2018...........SUNRISE   540 AM PDT   SUNSET   801 PM PDT
MAY 22 2018...........SUNRISE   539 AM PDT   SUNSET   801 PM PDT


-  INDICATES NEGATIVE NUMBERS.
R  INDICATES RECORD WAS SET OR TIED.
MM INDICATES DATA IS MISSING.
T  INDICATES TRACE AMOUNT.




$$
