000
CDUS45 KBYZ 210729
CLIBIL


CLIMATE REPORT
NATIONAL WEATHER SERVICE BILLINGS MT
128 AM MDT SAT APR 21 2018


...................................

...THE BILLINGS MT CLIMATE SUMMARY FOR APRIL 20 2018...

CLIMATE NORMAL PERIOD 1981 TO 2010
CLIMATE RECORD PERIOD 1934 TO 2018


WEATHER ITEM   OBSERVED TIME   RECORD YEAR NORMAL DEPARTURE LAST
                VALUE   (LST)  VALUE       VALUE  FROM      YEAR
                                                  NORMAL
..................................................................
TEMPERATURE (F)
 YESTERDAY
  MAXIMUM         64    421 PM  90    1980  59      5       66
  MINIMUM         36    531 AM  17    1966  36      0       35
  AVERAGE         50                        47      3       51

PRECIPITATION (IN)
  YESTERDAY        0.00          0.55 2005   0.05  -0.05     0.00
  MONTH TO DATE    1.50                      1.05   0.45     1.77
  SINCE OCT 1      8.11                      5.38   2.73    11.01
  SINCE JAN 1      4.46                      3.07   1.39     5.45

SNOWFALL (IN)
  YESTERDAY        0.0           7.5  2005   0.3   -0.3      0.0
  MONTH TO DATE   16.8                       6.2   10.6      3.4
  SINCE MAR 1     26.6                      16.4   10.2     13.8
  SINCE JUL 1    103.5                      50.9   52.6     74.1
  SNOW DEPTH       0

DEGREE DAYS
 HEATING
  YESTERDAY       15                        18     -3       14
  MONTH TO DATE  547                       408    139      328
  SINCE MAR 1   1527                      1253    274     1046
  SINCE JUL 1   6924                      6218    706     6131

 COOLING
  YESTERDAY        0                         0      0        0
  MONTH TO DATE    0                         0      0        0
  SINCE MAR 1      0                         0      0        0
  SINCE JAN 1      0                         0      0        0
..................................................................


WIND (MPH)
  HIGHEST WIND SPEED    17   HIGHEST WIND DIRECTION    NW (320)
  HIGHEST GUST SPEED    21   HIGHEST GUST DIRECTION    NE (40)
  AVERAGE WIND SPEED     8.1


SKY COVER
  POSSIBLE SUNSHINE  MM
  AVERAGE SKY COVER 0.2


WEATHER CONDITIONS
 THE FOLLOWING WEATHER WAS RECORDED YESTERDAY.
  NO SIGNIFICANT WEATHER WAS OBSERVED.


RELATIVE HUMIDITY (PERCENT)
 HIGHEST    92           500 AM
 LOWEST     36           200 PM
 AVERAGE    64

..........................................................


THE BILLINGS MT CLIMATE NORMALS FOR TODAY
                         NORMAL    RECORD    YEAR
 MAXIMUM TEMPERATURE (F)   59        89      1980
 MINIMUM TEMPERATURE (F)   36        15      2008


SUNRISE AND SUNSET
APRIL 21 2018.........SUNRISE   618 AM MDT   SUNSET   809 PM MDT
APRIL 22 2018.........SUNRISE   616 AM MDT   SUNSET   810 PM MDT


-  INDICATES NEGATIVE NUMBERS.
R  INDICATES RECORD WAS SET OR TIED.
MM INDICATES DATA IS MISSING.
T  INDICATES TRACE AMOUNT.




$$
