000
CDUS46 KBOI 250938
CLIBKE


CLIMATE REPORT
NATIONAL WEATHER SERVICE BOISE ID
337 AM MDT FRI MAY 25 2018


...................................

...THE BAKER OR CLIMATE SUMMARY FOR MAY 24 2018...

CLIMATE NORMAL PERIOD 1981 TO 2010
CLIMATE RECORD PERIOD 1928 TO 2018


WEATHER ITEM   OBSERVED TIME   RECORD YEAR NORMAL DEPARTURE LAST
                VALUE   (LST)  VALUE       VALUE  FROM      YEAR
                                                  NORMAL
..................................................................
TEMPERATURE (F)
 YESTERDAY
  MAXIMUM         79   1137 AM  91    2003  68     11       62
  MINIMUM         48    304 AM  28    2002  38     10       38
                                      1950
  AVERAGE         64                        53     11       50

PRECIPITATION (IN)
  YESTERDAY        0.01          1.03 1973   0.05  -0.04     0.00
  MONTH TO DATE    0.69                      1.11  -0.42     0.33
  SINCE OCT 1      4.84                      6.67  -1.83     6.48
  SINCE JAN 1      3.58                      4.16  -0.58     3.74

DEGREE DAYS
 HEATING
  YESTERDAY        1                        12    -11       15
  MONTH TO DATE  159                       356   -197      380
  SINCE MAR 1   1484                      1849   -365     1800
  SINCE JUL 1   6243                      7369  -1126     7628

 COOLING
  YESTERDAY        0                         0      0        0
  MONTH TO DATE    0                         0      0        0
  SINCE MAR 1      0                         0      0        0
  SINCE JAN 1      0                         0      0        0
..................................................................


WIND (MPH)
  RESULTANT WIND SPEED   1   RESULTANT WIND DIRECTION  NE (30)
  HIGHEST WIND SPEED    16   HIGHEST WIND DIRECTION     S (170)
  HIGHEST GUST SPEED    19   HIGHEST GUST DIRECTION    SW (210)
  AVERAGE WIND SPEED     3.4


SKY COVER
  AVERAGE SKY COVER 0.3


WEATHER CONDITIONS
 THE FOLLOWING WEATHER WAS RECORDED YESTERDAY.
  THUNDERSTORM
  LIGHT RAIN


RELATIVE HUMIDITY (PERCENT)
 HIGHEST    89          1000 PM
 LOWEST     33          1100 AM
 AVERAGE    61

..........................................................


THE BAKER OR CLIMATE NORMALS FOR TODAY
                         NORMAL    RECORD    YEAR
 MAXIMUM TEMPERATURE (F)   68        90      1961
                                             1928
 MINIMUM TEMPERATURE (F)   39        25      1975


SUNRISE AND SUNSET
MAY 25 2018...........SUNRISE   513 AM PDT   SUNSET   824 PM PDT
MAY 26 2018...........SUNRISE   512 AM PDT   SUNSET   825 PM PDT


-  INDICATES NEGATIVE NUMBERS.
R  INDICATES RECORD WAS SET OR TIED.
MM INDICATES DATA IS MISSING.
T  INDICATES TRACE AMOUNT.




$$
