000
CDUS41 KRLX 230720
CLIBKW


CLIMATE REPORT
NATIONAL WEATHER SERVICE CHARLESTON WV
320 AM EDT MON APR 23 2018


...................................

...THE BECKLEY WV CLIMATE SUMMARY FOR APRIL 22 2018...

CLIMATE NORMAL PERIOD 1981 TO 2010
CLIMATE RECORD PERIOD 1963 TO 2018


WEATHER ITEM   OBSERVED TIME   RECORD YEAR NORMAL DEPARTURE LAST
                VALUE   (LST)  VALUE       VALUE  FROM      YEAR
                                                  NORMAL
..................................................................
TEMPERATURE (F)
 YESTERDAY
  MAXIMUM         67    437 PM  85    1915  65      2       59
  MINIMUM         48   1200 AM  24    1953  43      5       45
  AVERAGE         58                        54      4       52

PRECIPITATION (IN)
  YESTERDAY        0.00          4.00 1927   0.12  -0.12     0.33
  MONTH TO DATE    3.45                      2.41   1.04     2.73
  SINCE JAN 1     16.69                     11.55   5.14    13.27

SNOWFALL (IN)
  YESTERDAY        0.0           2.3  1931   0.0    0.0      0.0
  MONTH TO DATE    3.5                       2.8    0.7      1.8
  SINCE SEP 1     54.5                      61.8   -7.3     26.0
  SNOW DEPTH       0

DEGREE DAYS
 HEATING
  YESTERDAY        7                        11     -4       13
  MONTH TO DATE  378                       314     64      181
  SINCE MAR 1   1235                      1026    209      875
  SINCE JUL 1   4925                      5027   -102     4009

 COOLING
  YESTERDAY        0                         0      0        0
  MONTH TO DATE   10                         0     10        9
  SINCE MAR 1     11                         1     10        9
  SINCE JAN 1     12                         1     11        9
..................................................................


WIND (MPH)
  HIGHEST WIND SPEED    14   HIGHEST WIND DIRECTION    SE (130)
  HIGHEST GUST SPEED    19   HIGHEST GUST DIRECTION    SE (140)
  AVERAGE WIND SPEED     7.2


SKY COVER
  POSSIBLE SUNSHINE  MM
  AVERAGE SKY COVER 0.0


WEATHER CONDITIONS
 THE FOLLOWING WEATHER WAS RECORDED YESTERDAY.
  NO SIGNIFICANT WEATHER WAS OBSERVED.


RELATIVE HUMIDITY (PERCENT)
 HIGHEST    59          1100 PM
 LOWEST     26           400 PM
 AVERAGE    43

..........................................................


THE BECKLEY WV CLIMATE NORMALS FOR TODAY
                         NORMAL    RECORD    YEAR
 MAXIMUM TEMPERATURE (F)   65        86      1960
 MINIMUM TEMPERATURE (F)   44        23      1936


SUNRISE AND SUNSET
APRIL 23 2018.........SUNRISE   639 AM EDT   SUNSET   808 PM EDT
APRIL 24 2018.........SUNRISE   637 AM EDT   SUNSET   808 PM EDT


-  INDICATES NEGATIVE NUMBERS.
R  INDICATES RECORD WAS SET OR TIED.
MM INDICATES DATA IS MISSING.
T  INDICATES TRACE AMOUNT.




$$
