000
CDUS46 KSEW 240830
CLIBLI


CLIMATE REPORT
NATIONAL WEATHER SERVICE SEATTLE WA
130 AM PDT THU MAY 24 2018


...................................

...THE BELLINGHAM WA AIRPORT CLIMATE SUMMARY FOR MAY 23 2018...

CLIMATE NORMAL PERIOD 1981 TO 2010
CLIMATE RECORD PERIOD 1949 TO 2018


WEATHER ITEM   OBSERVED TIME   RECORD YEAR NORMAL DEPARTURE LAST
                VALUE   (LST)  VALUE       VALUE  FROM      YEAR
                                                  NORMAL
..................................................................
TEMPERATURE (F)
 YESTERDAY
  MAXIMUM         71    317 PM  88    1969  63      8       70
  MINIMUM         50    402 AM  33    1955  47      3       50
  AVERAGE         61                        55      6       60

PRECIPITATION (IN)
  YESTERDAY        T             0.56 2004   0.08  -0.08     0.00
  MONTH TO DATE    0.17                      1.83  -1.66     0.88
  SINCE OCT 1     33.47                     29.13   4.34    34.58
  SINCE JAN 1     15.85                     15.43   0.42    15.46

DEGREE DAYS
 HEATING
  YESTERDAY        4                        10     -6        5
  MONTH TO DATE  151                       272   -121      244
  SINCE MAR 1   1276                      1413   -137     1272

 COOLING
  YESTERDAY        0                         0      0        0
  MONTH TO DATE    1                         0      1        0
  SINCE MAR 1      1                         0      1        0
  SINCE JAN 1      1                         0      1        0
..................................................................


WIND (MPH)
  RESULTANT WIND SPEED   7   RESULTANT WIND DIRECTION   S (170)
  HIGHEST WIND SPEED    17   HIGHEST WIND DIRECTION     S (170)
  HIGHEST GUST SPEED    25   HIGHEST GUST DIRECTION     S (160)
  AVERAGE WIND SPEED     7.4


SKY COVER
  AVERAGE SKY COVER 0.1


WEATHER CONDITIONS
 THE FOLLOWING WEATHER WAS RECORDED YESTERDAY.
  LIGHT RAIN


RELATIVE HUMIDITY (PERCENT)
 HIGHEST    89           400 AM
 LOWEST     48           700 PM
 AVERAGE    69

..........................................................


THE BELLINGHAM WA AIRPORT CLIMATE NORMALS FOR TODAY
                         NORMAL    RECORD    YEAR
 MAXIMUM TEMPERATURE (F)   64        83      1992
 MINIMUM TEMPERATURE (F)   47        36      1950


SUNRISE AND SUNSET
MAY 24 2018...........SUNRISE   518 AM PDT   SUNSET   857 PM PDT
MAY 25 2018...........SUNRISE   517 AM PDT   SUNSET   858 PM PDT


-  INDICATES NEGATIVE NUMBERS.
R  INDICATES RECORD WAS SET OR TIED.
MM INDICATES DATA IS MISSING.
T  INDICATES TRACE AMOUNT.




$$
