000
CDUS45 KRIW 260750
CLIBPI


CLIMATE REPORT
NATIONAL WEATHER SERVICE RIVERTON WY
150 AM MDT SAT MAY 26 2018


...................................

...THE BIG PINEY WY CLIMATE SUMMARY FOR MAY 25 2018...

CLIMATE NORMAL PERIOD 1981 TO 2010
CLIMATE RECORD PERIOD 1976 TO 2018


WEATHER ITEM   OBSERVED TIME   RECORD YEAR NORMAL DEPARTURE LAST
                VALUE   (LST)  VALUE       VALUE  FROM      YEAR
                                                  NORMAL
..................................................................
TEMPERATURE (F)
 YESTERDAY
  MAXIMUM         77    413 PM  78    2006  65     12       59
                                      2001
  MINIMUM         37    526 AM  21    2004  33      4       31
                                      1990
                                      1989
  AVERAGE         57                        48      9       45

PRECIPITATION (IN)
  YESTERDAY        0.00          0.40 1984   0.02  -0.02      T
  MONTH TO DATE    1.71                      0.67   1.04     1.02
  SINCE MAR 1      2.35                      1.64   0.71     3.64
  SINCE JAN 1      2.40                      2.30   0.10     5.38

DEGREE DAYS
 HEATING
  YESTERDAY        8                        17     -9       20
  MONTH TO DATE  404                       503    -99      477
  SINCE MAR 1   2361                      2511   -150     2440
  SINCE JUL 1   8858                     10034  -1176     9870

 COOLING
  YESTERDAY        0                         0      0        0
  MONTH TO DATE    0                         0      0        0
  SINCE MAR 1      0                         0      0        0
  SINCE JAN 1      0                         0      0        0
..................................................................


WIND (MPH)
  HIGHEST WIND SPEED    18   HIGHEST WIND DIRECTION    SW (220)
  HIGHEST GUST SPEED    24   HIGHEST GUST DIRECTION    SW (210)
  AVERAGE WIND SPEED     5.4


SKY COVER
  POSSIBLE SUNSHINE  MM
  AVERAGE SKY COVER 0.0


WEATHER CONDITIONS
 THE FOLLOWING WEATHER WAS RECORDED YESTERDAY.
  NO SIGNIFICANT WEATHER WAS OBSERVED.


RELATIVE HUMIDITY (PERCENT)
 HIGHEST    92           200 AM
 LOWEST     15           300 PM
 AVERAGE    54

..........................................................


THE BIG PINEY WY CLIMATE NORMALS FOR TODAY
                         NORMAL    RECORD    YEAR
 MAXIMUM TEMPERATURE (F)   65        80      2003
 MINIMUM TEMPERATURE (F)   33        23      1977


SUNRISE AND SUNSET
MAY 26 2018...........SUNRISE   549 AM MDT   SUNSET   846 PM MDT
MAY 27 2018...........SUNRISE   548 AM MDT   SUNSET   847 PM MDT


-  INDICATES NEGATIVE NUMBERS.
R  INDICATES RECORD WAS SET OR TIED.
MM INDICATES DATA IS MISSING.
T  INDICATES TRACE AMOUNT.




$$
