704
CDUS45 KSLC 220058
CLICDC


CLIMATE REPORT
NATIONAL WEATHER SERVICE SALT LAKE CITY UT
635 PM MDT SAT APR 21 2018


...................................

...THE CEDAR CITY UT CLIMATE SUMMARY FOR APRIL 21 2018...
VALID TODAY AS OF 0500 PM LOCAL TIME.

CLIMATE NORMAL PERIOD 1981 TO 2010
CLIMATE RECORD PERIOD 1928 TO 2018


WEATHER ITEM   OBSERVED TIME   RECORD YEAR NORMAL DEPARTURE LAST
                VALUE   (LST)  VALUE       VALUE  FROM      YEAR
                                                  NORMAL
..................................................................
TEMPERATURE (F)
 TODAY
  MAXIMUM         67    359 PM  81    2012  63      4       58
                                      1989
  MINIMUM         29    609 AM  18    2008  33     -4       30
  AVERAGE         48                        48      0       44

PRECIPITATION (IN)
  TODAY            0.00          0.71 2010   0.03  -0.03     0.00
  MONTH TO DATE    0.77                      0.79  -0.02     0.80
  SINCE OCT 1      4.35                      7.11  -2.76     7.37
  SINCE JAN 1      3.80                      4.00  -0.20     4.54

DEGREE DAYS
 HEATING
  TODAY           17                        17      0       21
  MONTH TO DATE  332                       414    -82      371
  SINCE MAR 1   1046                      1186   -140      962
  SINCE JUL 1   5029                      5748   -719     4983

 COOLING
  TODAY            0                         0      0        0
  MONTH TO DATE    0                         0      0        0
  SINCE MAR 1      0                         0      0        0
  SINCE JAN 1      0                         0      0        0
..................................................................


WIND (MPH)
  RESULTANT WIND SPEED   3   RESULTANT WIND DIRECTION  NE (30)
  HIGHEST WIND SPEED    15   HIGHEST WIND DIRECTION     N (350)
  HIGHEST GUST SPEED    20   HIGHEST GUST DIRECTION     N (10)
  AVERAGE WIND SPEED     4.9



WEATHER CONDITIONS
 THE FOLLOWING WEATHER WAS RECORDED TODAY.
  NO SIGNIFICANT WEATHER WAS OBSERVED.


RELATIVE HUMIDITY (PERCENT)
 HIGHEST   100           500 AM
 LOWEST     15           400 PM
 AVERAGE    58

..........................................................


THE CEDAR CITY UT CLIMATE NORMALS FOR TOMORROW
                         NORMAL    RECORD    YEAR
 MAXIMUM TEMPERATURE (F)   63        84      2012
 MINIMUM TEMPERATURE (F)   33        22      1963


SUNRISE AND SUNSET
APRIL 21 2018.........SUNRISE   649 AM MDT   SUNSET   814 PM MDT
APRIL 22 2018.........SUNRISE   648 AM MDT   SUNSET   815 PM MDT


-  INDICATES NEGATIVE NUMBERS.
R  INDICATES RECORD WAS SET OR TIED.
MM INDICATES DATA IS MISSING.
T  INDICATES TRACE AMOUNT.




$$
