000
CDUS44 KLUB 240627
CLICDS


CLIMATE REPORT
NATIONAL WEATHER SERVICE LUBBOCK, TX
126 AM CDT TUE APR 24 2018


...................................

...THE CHILDRESS CLIMATE SUMMARY FOR APRIL 23 2018...

CLIMATE NORMAL PERIOD 1981 TO 2010
CLIMATE RECORD PERIOD 1893 TO 2018


WEATHER ITEM   OBSERVED TIME   RECORD YEAR NORMAL DEPARTURE LAST
                VALUE   (LST)  VALUE       VALUE  FROM      YEAR
                                                  NORMAL
..................................................................
TEMPERATURE (F)
 YESTERDAY
  MAXIMUM         78    356 PM  97    1989  79     -1       73
  MINIMUM         43    615 AM  30    1907  51     -8       41
  AVERAGE         61                        64     -3       57

PRECIPITATION (IN)
  YESTERDAY        0.00          1.50 1905   0.08  -0.08     0.00
  MONTH TO DATE    0.03                      1.51  -1.48     1.86
  SINCE MAR 1      0.60                      3.04  -2.44     3.35
  SINCE JAN 1      0.85                      4.82  -3.97     7.57

SNOWFALL (IN)
  YESTERDAY        0.0          MM      MM   0.0    0.0      0.0
  MONTH TO DATE    T                         0.2   -0.2      0.0
  SINCE MAR 1      T                         0.6   -0.6      0.0
  SINCE JUL 1      1.0                       7.0   -6.0      1.5
  SNOW DEPTH       0

DEGREE DAYS
 HEATING
  YESTERDAY        4                         3      1        8
  MONTH TO DATE  210                       133     77       96
  SINCE MAR 1    472                       508    -36      319
  SINCE JUL 1   2913                      3068   -155     2267

 COOLING
  YESTERDAY        0                         3     -3        0
  MONTH TO DATE   46                        47     -1       66
  SINCE MAR 1     75                        65     10      124
  SINCE JAN 1     86                        66     20      139
..................................................................


WIND (MPH)
  RESULTANT WIND SPEED   3   RESULTANT WIND DIRECTION  NE (30)
  HIGHEST WIND SPEED    12   HIGHEST WIND DIRECTION     E (70)
  HIGHEST GUST SPEED    15   HIGHEST GUST DIRECTION     N (10)
  AVERAGE WIND SPEED     6.3


SKY COVER
  AVERAGE SKY COVER 0.0


WEATHER CONDITIONS
 THE FOLLOWING WEATHER WAS RECORDED YESTERDAY.
  NO SIGNIFICANT WEATHER WAS OBSERVED.


RELATIVE HUMIDITY (PERCENT)
 HIGHEST    96           600 AM
 LOWEST     29           600 PM
 AVERAGE    63

..........................................................


THE CHILDRESS CLIMATE NORMALS FOR TODAY
                         NORMAL    RECORD    YEAR
 MAXIMUM TEMPERATURE (F)   79       100      1996
 MINIMUM TEMPERATURE (F)   51        26      2013


SUNRISE AND SUNSET
APRIL 24 2018.........SUNRISE   659 AM CDT   SUNSET   820 PM CDT
APRIL 25 2018.........SUNRISE   658 AM CDT   SUNSET   821 PM CDT


-  INDICATES NEGATIVE NUMBERS.
R  INDICATES RECORD WAS SET OR TIED.
MM INDICATES DATA IS MISSING.
T  INDICATES TRACE AMOUNT.




$$
