000
CDUS46 KEKA 251213
CLICEC


CLIMATE REPORT
NATIONAL WEATHER SERVICE EUREKA CA
513 AM PDT WED APR 25 2018


...................................

...THE CRESCENT CITY CA CLIMATE SUMMARY FOR APRIL 24 2018...

CLIMATE NORMAL PERIOD 1981 TO 2010
CLIMATE RECORD PERIOD 1894 TO 2018


WEATHER ITEM   OBSERVED TIME   RECORD YEAR NORMAL DEPARTURE LAST
                VALUE   (LST)  VALUE       VALUE  FROM      YEAR
                                                  NORMAL
..................................................................
TEMPERATURE (F)
 YESTERDAY
  MAXIMUM         61    837 AM  70    1982  55      6       54
  MINIMUM         50    542 AM  32    1971  45      5       48
  AVERAGE         56                        50      6       51

PRECIPITATION (IN)
  YESTERDAY        0.00          2.10 2003   0.14  -0.14     0.69
  MONTH TO DATE    4.51                      4.46   0.05     7.79
  SINCE OCT 1     43.75                     56.83 -13.08    89.88
  SINCE JAN 1     29.73                     31.59  -1.86    44.78

SNOWFALL (IN)
  YESTERDAY        0.0          MM      MM  MM     MM       MM
  MONTH TO DATE    0.0                      MM     MM        0.0
  SINCE MAR 1      0.0                      MM     MM        0.0
  SINCE JUL 1      0.0                      MM     MM        0.0
  SNOW DEPTH       0

DEGREE DAYS
 HEATING
  YESTERDAY        9                        15     -6       14
  MONTH TO DATE  297                       380    -83      340
  SINCE MAR 1    750                       893   -143      783
  SINCE JUL 1   3553                      4066   -513     3714

 COOLING
  YESTERDAY        0                         0      0        0
  MONTH TO DATE    0                         0      0        0
  SINCE MAR 1      0                         0      0        0
  SINCE JAN 1      0                         0      0        0
..................................................................


WIND (MPH)
  HIGHEST WIND SPEED    15   HIGHEST WIND DIRECTION     S (190)
  HIGHEST GUST SPEED    17   HIGHEST GUST DIRECTION     S (190)
  AVERAGE WIND SPEED     9.0


SKY COVER
  AVERAGE SKY COVER 0.5


WEATHER CONDITIONS
 THE FOLLOWING WEATHER WAS RECORDED YESTERDAY.
  FOG
  HAZE


RELATIVE HUMIDITY (PERCENT)
 HIGHEST    96
 LOWEST     62
 AVERAGE    79

..........................................................


THE CRESCENT CITY CA CLIMATE NORMALS FOR TODAY
                         NORMAL    RECORD    YEAR
 MAXIMUM TEMPERATURE (F)   55        70      1979
 MINIMUM TEMPERATURE (F)   45        34      1985


SUNRISE AND SUNSET
APRIL 25 2018.........SUNRISE   621 AM PDT   SUNSET   809 PM PDT
APRIL 26 2018.........SUNRISE   620 AM PDT   SUNSET   810 PM PDT


-  INDICATES NEGATIVE NUMBERS.
R  INDICATES RECORD WAS SET OR TIED.
MM INDICATES DATA IS MISSING.
T  INDICATES TRACE AMOUNT.




$$
