489
CDUS43 KDVN 260911
CLICID


CLIMATE REPORT
NATIONAL WEATHER SERVICE QUAD CITIES IA IL
409 AM CDT THU APR 26 2018


...................................

...THE CEDAR RAPIDS IA CLIMATE SUMMARY FOR APRIL 25 2018...

CLIMATE NORMAL PERIOD 1981 TO 2010
CLIMATE RECORD PERIOD 1891 TO 2018


WEATHER ITEM   OBSERVED TIME   RECORD YEAR NORMAL DEPARTURE LAST
                VALUE   (LST)  VALUE       VALUE  FROM      YEAR
                                                  NORMAL
..................................................................
TEMPERATURE (F)
 YESTERDAY
  MAXIMUM         67    358 PM  89    1896  65      2       75
  MINIMUM         43   1159 PM  20    1934  41      2       52
  AVERAGE         55                        53      2       64

PRECIPITATION (IN)
  YESTERDAY        0.00         MM      MM   0.11  -0.11     0.01
  MONTH TO DATE    0.43                      2.45  -2.02     2.51
  SINCE MAR 1      2.33                      4.55  -2.22     4.76
  SINCE JAN 1      4.36                      6.69  -2.33     6.93

DEGREE DAYS
 HEATING
  YESTERDAY       10                        13     -3        1
  MONTH TO DATE  643                       425    218      269
  SINCE MAR 1   1556                      1306    250     1125
  SINCE JUL 1   6611                      6589     22     5401

 COOLING
  YESTERDAY        0                         0      0        0
  MONTH TO DATE    0                         0      0        9
  SINCE MAR 1      0                         0      0        9
  SINCE JAN 1      0                         0      0        9
..................................................................


WIND (MPH)
  HIGHEST WIND SPEED    20   HIGHEST WIND DIRECTION     N (10)
  HIGHEST GUST SPEED    26   HIGHEST GUST DIRECTION    NE (30)
  AVERAGE WIND SPEED     9.3


SKY COVER
  POSSIBLE SUNSHINE  MM
  AVERAGE SKY COVER 0.0


WEATHER CONDITIONS
 THE FOLLOWING WEATHER WAS RECORDED YESTERDAY.
  NO SIGNIFICANT WEATHER WAS OBSERVED.


RELATIVE HUMIDITY (PERCENT)
 HIGHEST    65           400 AM
 LOWEST     24           300 PM
 AVERAGE    45

..........................................................


THE CEDAR RAPIDS IA CLIMATE NORMALS FOR TODAY
                         NORMAL    RECORD    YEAR
 MAXIMUM TEMPERATURE (F)   65        86      1986
 MINIMUM TEMPERATURE (F)   42        24      1907


SUNRISE AND SUNSET
APRIL 26 2018.........SUNRISE   610 AM CDT   SUNSET   800 PM CDT
APRIL 27 2018.........SUNRISE   608 AM CDT   SUNSET   801 PM CDT


-  INDICATES NEGATIVE NUMBERS.
R  INDICATES RECORD WAS SET OR TIED.
MM INDICATES DATA IS MISSING.
T  INDICATES TRACE AMOUNT.




$$
