000
CDUS42 KGSP 230639
CLICLT

CLIMATE REPORT
NATIONAL WEATHER SERVICE GREENVILLE-SPARTANBURG SC
239 AM EDT MON APR 23 2018


...................................

...THE CHARLOTTE NC CLIMATE SUMMARY FOR APRIL 22 2018...

CLIMATE NORMAL PERIOD 1981 TO 2010
CLIMATE RECORD PERIOD 1878 TO 2018


WEATHER ITEM   OBSERVED TIME   RECORD YEAR NORMAL DEPARTURE LAST
                VALUE   (LST)  VALUE       VALUE  FROM      YEAR
                                                  NORMAL
..................................................................
TEMPERATURE (F)
 YESTERDAY
  MAXIMUM         70   1117 AM  91    1963  74     -4       85
                                      1957
  MINIMUM         46    429 AM  33    1978  49     -3       61
  AVERAGE         58                        61     -3       73

PRECIPITATION (IN)
  YESTERDAY        0.00          2.28 1882   0.11  -0.11     0.01
  MONTH TO DATE    1.57                      2.25  -0.68     2.18
  SINCE MAR 1      5.78                      6.26  -0.48     4.89
  SINCE JAN 1     11.38                     12.99  -1.61    11.80

SNOWFALL (IN)
  YESTERDAY        0.0           0.0    MM   0.0    0.0      0.0
  MONTH TO DATE    T                         0.1   -0.1      0.0
  SINCE MAR 1      0.2                       0.7   -0.5      1.1
  SINCE JUL 1      4.2                       4.4   -0.2      2.2
  SNOW DEPTH       0

DEGREE DAYS
 HEATING
  YESTERDAY        7                         5      2        0
  MONTH TO DATE  166                       164      2       63
  SINCE MAR 1    652                       597     55      446
  SINCE JUL 1   2944                      3296   -352     2344

 COOLING
  YESTERDAY        0                         1     -1        8
  MONTH TO DATE   14                        21     -7       64
  SINCE MAR 1     16                        26    -10       82
  SINCE JAN 1     47                        26     21       87
..................................................................


WIND (MPH)
  HIGHEST WIND SPEED    17   HIGHEST WIND DIRECTION    SE (140)
  HIGHEST GUST SPEED    21   HIGHEST GUST DIRECTION    SE (120)
  AVERAGE WIND SPEED     7.3


SKY COVER
  POSSIBLE SUNSHINE  MM
  AVERAGE SKY COVER 0.7


WEATHER CONDITIONS
 THE FOLLOWING WEATHER WAS RECORDED YESTERDAY.
  NO SIGNIFICANT WEATHER WAS OBSERVED.


RELATIVE HUMIDITY (PERCENT)
 HIGHEST    86           400 AM
 LOWEST     35           100 PM
 AVERAGE    61

..........................................................


THE CHARLOTTE NC CLIMATE NORMALS FOR TODAY
                         NORMAL    RECORD    YEAR
 MAXIMUM TEMPERATURE (F)   74        91      1980
                                             1963
                                             1960
 MINIMUM TEMPERATURE (F)   49        35      1986


SUNRISE AND SUNSET
APRIL 23 2018.........SUNRISE   642 AM EDT   SUNSET   803 PM EDT
APRIL 24 2018.........SUNRISE   640 AM EDT   SUNSET   804 PM EDT


-  INDICATES NEGATIVE NUMBERS.
R  INDICATES RECORD WAS SET OR TIED.
MM INDICATES DATA IS MISSING.
T  INDICATES TRACE AMOUNT.

$$

OUTLAW
