856
CDUS43 KTOP 242133
CLICNK


CLIMATE REPORT
NATIONAL WEATHER SERVICE TOPEKA KS
432 PM CDT TUE APR 24 2018


...................................

...THE CONCORDIA KS CLIMATE SUMMARY FOR APRIL 24 2018...
VALID TODAY AS OF 0400 PM LOCAL TIME.

CLIMATE NORMAL PERIOD 1981 TO 2010
CLIMATE RECORD PERIOD 1885 TO 2018


WEATHER ITEM   OBSERVED TIME   RECORD YEAR NORMAL DEPARTURE LAST
                VALUE   (LST)  VALUE       VALUE  FROM      YEAR
                                                  NORMAL
..................................................................
TEMPERATURE (F)
 TODAY
  MAXIMUM         68   1129 AM  98    1989  68      0       75
  MINIMUM         43    611 AM  25    2013  44     -1       49
                                      1967
  AVERAGE         56                        56      0       62

PRECIPITATION (IN)
  TODAY            0.04          2.94 1904   0.10  -0.06     0.00
  MONTH TO DATE    0.67                      1.88  -1.21     2.95
  SINCE MAR 1      1.25                      3.89  -2.64     6.14
  SINCE JAN 1      2.24                      5.26  -3.02     7.99

SNOWFALL (IN)
  TODAY           MM             T    1950   0.0   MM        0.0
  MONTH TO DATE    0.4                       0.5   -0.1      0.0
  SINCE JAN 1      9.8                      13.7   -3.9      2.1
  SINCE JUL 1     11.6                      20.2   -8.6      4.3
  SNOW DEPTH       0

DEGREE DAYS
 HEATING
  TODAY            9                        10     -1        3
  MONTH TO DATE  510                       320    190      224
  SINCE MAR 1   1164                      1004    160      793
  SINCE JUL 1   5249                      5211     38     4294

 COOLING
  TODAY            0                         1     -1        0
  MONTH TO DATE    2                         9     -7       15
  SINCE MAR 1      2                        10     -8       19
  SINCE JAN 1      2                        10     -8       19
..................................................................


WIND (MPH)
  HIGHEST WIND SPEED    30   HIGHEST WIND DIRECTION    NW (320)
  HIGHEST GUST SPEED    42   HIGHEST GUST DIRECTION    NW (320)
  AVERAGE WIND SPEED     7.5



WEATHER CONDITIONS
 THE FOLLOWING WEATHER WAS RECORDED TODAY.
  LIGHT RAIN


RELATIVE HUMIDITY (PERCENT)
 HIGHEST    93           300 PM
 LOWEST     34          1100 AM
 AVERAGE    64

..........................................................


THE CONCORDIA KS CLIMATE NORMALS FOR TOMORROW
                         NORMAL    RECORD    YEAR
 MAXIMUM TEMPERATURE (F)   68        94      2012
 MINIMUM TEMPERATURE (F)   45        32      2002
                                             1972
                                             1910


SUNRISE AND SUNSET
APRIL 24 2018.........SUNRISE   641 AM CDT   SUNSET   818 PM CDT
APRIL 25 2018.........SUNRISE   639 AM CDT   SUNSET   819 PM CDT


-  INDICATES NEGATIVE NUMBERS.
R  INDICATES RECORD WAS SET OR TIED.
MM INDICATES DATA IS MISSING.
T  INDICATES TRACE AMOUNT.




$$
