000
CDUS45 KPUB 251057
CLICOS


CLIMATE REPORT
NATIONAL WEATHER SERVICE PUEBLO
457 AM MDT FRI MAY 25 2018


...................................

...THE COLORADO SPRINGS CO CLIMATE SUMMARY FOR MAY 24 2018...

CLIMATE NORMAL PERIOD 1981 TO 2010
CLIMATE RECORD PERIOD 1872 TO 2018


WEATHER ITEM   OBSERVED TIME   RECORD YEAR NORMAL DEPARTURE LAST
                VALUE   (LST)  VALUE       VALUE  FROM      YEAR
                                                  NORMAL
..................................................................
TEMPERATURE (F)
 YESTERDAY
  MAXIMUM         84    154 PM  93    1984  71     13       82
  MINIMUM         52   1148 PM  31    1943  45      7       39
  AVERAGE         68                        58     10       61

PRECIPITATION (IN)
  YESTERDAY        0.00          1.76 1908   0.08  -0.08     0.00
  MONTH TO DATE    0.35                      1.48  -1.13     2.54
  SINCE MAR 1      2.03                      3.90  -1.87     5.12
  SINCE JAN 1      2.59                      4.56  -1.97     5.51

SNOWFALL (IN)
  YESTERDAY        0.0           T    2012   0.0    0.0      0.0
                                      2002
                                      1950
  MONTH TO DATE    T                         0.7   -0.7      0.1
  SINCE MAR 1      8.4                      13.7   -5.3     11.8
  SINCE JUL 1     21.6                      37.7  -16.1     25.2
  SNOW DEPTH       0

DEGREE DAYS
 HEATING
  YESTERDAY        0                         7     -7        4
  MONTH TO DATE  108                       247   -139      239
  SINCE MAR 1   1334                      1606   -272     1280
  SINCE JUL 1   5318                      6169   -851     5033

 COOLING
  YESTERDAY        3                         0      3        0
  MONTH TO DATE   12                         0     12        0
  SINCE MAR 1     12                         1     11        0
  SINCE JAN 1     12                         1     11        0
..................................................................


WIND (MPH)
  HIGHEST WIND SPEED    30   HIGHEST WIND DIRECTION    NE (40)
  HIGHEST GUST SPEED    36   HIGHEST GUST DIRECTION    NE (40)
  AVERAGE WIND SPEED     9.8


SKY COVER
  POSSIBLE SUNSHINE  MM
  AVERAGE SKY COVER 0.4


WEATHER CONDITIONS
 THE FOLLOWING WEATHER WAS RECORDED YESTERDAY.
  NO SIGNIFICANT WEATHER WAS OBSERVED.


RELATIVE HUMIDITY (PERCENT)
 HIGHEST    57           500 AM
 LOWEST      9           200 PM
 AVERAGE    33

..........................................................


THE COLORADO SPRINGS CO CLIMATE NORMALS FOR TODAY
                         NORMAL    RECORD    YEAR
 MAXIMUM TEMPERATURE (F)   72        92      1964
 MINIMUM TEMPERATURE (F)   45        30      1950


SUNRISE AND SUNSET
MAY 25 2018...........SUNRISE   539 AM MDT   SUNSET   813 PM MDT
MAY 26 2018...........SUNRISE   539 AM MDT   SUNSET   814 PM MDT


-  INDICATES NEGATIVE NUMBERS.
R  INDICATES RECORD WAS SET OR TIED.
MM INDICATES DATA IS MISSING.
T  INDICATES TRACE AMOUNT.




$$
