000
CDUS42 KILM 230848
CLICRE


CLIMATE REPORT
NATIONAL WEATHER SERVICE WILMINGTON NC
448 AM EDT WED MAY 23 2018


...................................

...THE N.MYRTLE BEACH SOUTH CAROLINA CLIMATE SUMMARY FOR MAY 22 2018...

CLIMATE NORMAL PERIOD 1981 TO 2010
CLIMATE RECORD PERIOD 1949 TO 2018


WEATHER ITEM   OBSERVED TIME   RECORD YEAR NORMAL DEPARTURE LAST
                VALUE   (LST)  VALUE       VALUE  FROM      YEAR
                                                  NORMAL
..................................................................
TEMPERATURE (F)
 YESTERDAY
  MAXIMUM         81    150 PM  92    2014  80      1       82
  MINIMUM         69    546 AM  41    1993  63      6       68
  AVERAGE         75                        71      4       75

PRECIPITATION (IN)
  YESTERDAY        0.00          0.54 2017   0.11  -0.11     0.54
  MONTH TO DATE    2.68                      2.27   0.41     1.70
  SINCE MAR 1      9.75                      9.15   0.60     7.08
  SINCE JAN 1     15.46                     16.26  -0.80    10.61

DEGREE DAYS
 HEATING
  YESTERDAY        0                         0      0        0
  MONTH TO DATE    4                        23    -19       10
  SINCE MAR 1    574                       502     72      402
  SINCE JUL 1   2338                      2446   -108     1806

 COOLING
  YESTERDAY       10                         7      3       10
  MONTH TO DATE  158                       101     57      150
  SINCE MAR 1    182                       143     39      265
  SINCE JAN 1    202                       143     59      266
..................................................................


WIND (MPH)
  RESULTANT WIND SPEED   8   RESULTANT WIND DIRECTION   S (190)
  HIGHEST WIND SPEED    16   HIGHEST WIND DIRECTION    SW (210)
  HIGHEST GUST SPEED    21   HIGHEST GUST DIRECTION    SW (210)
  AVERAGE WIND SPEED     8.4


SKY COVER
  POSSIBLE SUNSHINE  MM
  AVERAGE SKY COVER 0.2


WEATHER CONDITIONS
 THE FOLLOWING WEATHER WAS RECORDED YESTERDAY.
  FOG
  FOG W/VISIBILITY <= 1/4 MILE


RELATIVE HUMIDITY (PERCENT)
 HIGHEST   100           200 AM
 LOWEST     74           300 PM
 AVERAGE    87

..........................................................


THE N.MYRTLE BEACH SOUTH CAROLINA CLIMATE NORMALS FOR TODAY
                         NORMAL    RECORD    YEAR
 MAXIMUM TEMPERATURE (F)   80        94      1953
 MINIMUM TEMPERATURE (F)   63        43      1954


SUNRISE AND SUNSET
MAY 23 2018...........SUNRISE   609 AM EDT   SUNSET   815 PM EDT
MAY 24 2018...........SUNRISE   608 AM EDT   SUNSET   815 PM EDT


-  INDICATES NEGATIVE NUMBERS.
R  INDICATES RECORD WAS SET OR TIED.
MM INDICATES DATA IS MISSING.
T  INDICATES TRACE AMOUNT.




$$
