000
CDUS44 KCRP 262312
CLICRP

CLIMATE REPORT
NATIONAL WEATHER SERVICE CORPUS CHRISTI TX
610 PM CDT SAT MAY 26 2018

...................................

...THE CORPUS CHRISTI CLIMATE SUMMARY FOR MAY 26 2018...
VALID AS OF 610 PM LOCAL TIME.

CLIMATE NORMAL PERIOD 1981 TO 2010
CLIMATE RECORD PERIOD 1887 TO 2018


WEATHER ITEM   OBSERVED TIME   RECORD YEAR NORMAL DEPARTURE LAST
                VALUE   (LST)  VALUE       VALUE  FROM      YEAR
                                                  NORMAL
..................................................................
TEMPERATURE (F)
 TODAY
  MAXIMUM         94    322 PM  97    1928  88      6       90
  MINIMUM         70    550 AM  61    1947  72     -2       78
                                      1901
  AVERAGE         82                        80      2       84

PRECIPITATION (IN)
  TODAY            0.00          2.05 1946   0.11  -0.11      T
  MONTH TO DATE    0.68                      2.52  -1.84     0.93
  SINCE MAR 1      2.95                      6.25  -3.30     8.14
  SINCE JAN 1      4.68                      9.72  -5.04    10.98

SNOWFALL (IN)
  TODAY            0.0
  MONTH TO DATE    0.0
  SINCE MAR 1      0.0
  SINCE JUL 1      1.0
  SNOW DEPTH       0

DEGREE DAYS
 HEATING
  TODAY            0                         0      0        0
  MONTH TO DATE    0                         0      0        0
  SINCE MAR 1     42                        98    -56       16
  SINCE JUL 1    871                       898    -27      368

 COOLING
  TODAY           17                        15      2       19
  MONTH TO DATE  383                       336     47      333
  SINCE MAR 1    783                       688     95      839
  SINCE JAN 1    905                       764    141     1108
..................................................................


WIND (MPH)
  HIGHEST WIND SPEED    16   HIGHEST WIND DIRECTION     E (110)
  HIGHEST GUST SPEED    21   HIGHEST GUST DIRECTION    SE (130)


SKY COVER
  POSSIBLE SUNSHINE  MM
  AVERAGE SKY COVER 0.4


WEATHER CONDITIONS
 THE FOLLOWING WEATHER WAS RECORDED TODAY.
  FOG


RELATIVE HUMIDITY (PERCENT)
 HIGHEST   100          1200 AM
 LOWEST     49           300 PM
 AVERAGE    75

..........................................................


THE CORPUS CHRISTI CLIMATE NORMALS FOR TOMORROW
                         NORMAL    RECORD    YEAR
 MAXIMUM TEMPERATURE (F)   89        99      1973
 MINIMUM TEMPERATURE (F)   72        60      1901


SUNRISE AND SUNSET
MAY 26 2018...........SUNRISE   636 AM CDT   SUNSET   818 PM CDT
MAY 27 2018...........SUNRISE   636 AM CDT   SUNSET   819 PM CDT


-  INDICATES NEGATIVE NUMBERS.
R  INDICATES RECORD WAS SET OR TIED.
MM INDICATES DATA IS MISSING.
T  INDICATES TRACE AMOUNT.




$$
