000
CDUS43 KUNR 220851
CLICUT


CLIMATE REPORT
NATIONAL WEATHER SERVICE RAPID CITY SD
247 AM MDT TUE MAY 22 2018


...................................

...THE CUSTER COUNTY AIRPORT SD CLIMATE SUMMARY FOR MAY 21 2018...

CLIMATE NORMAL PERIOD 1981 TO 2010
CLIMATE RECORD PERIOD 9999 TO 9999


WEATHER ITEM   OBSERVED TIME   NORMAL DEPARTURE LAST
                VALUE   (LST)  VALUE  FROM      YEAR
                                      NORMAL
......................................................
TEMPERATURE (F)
 YESTERDAY
  MAXIMUM         71    453 PM  62      9       57
  MINIMUM         34    140 AM  38     -4       32
  AVERAGE         53            50      3       45

PRECIPITATION (IN)
  YESTERDAY        T             0.12  -0.12     0.03
  MONTH TO DATE    1.90          2.01  -0.11     1.37
  SINCE MAR 1      5.27          5.14   0.13     5.53
  SINCE JAN 1      7.58          6.00   1.58     7.54

DEGREE DAYS
 HEATING
  YESTERDAY       12            15     -3       20
  MONTH TO DATE  285           381    -96      345
  SINCE MAR 1   2163          2196    -33     1929
  SINCE JUL 1   7955          8031    -76     7297

 COOLING
  YESTERDAY        0             0      0        0
  MONTH TO DATE    0             0      0        0
  SINCE MAR 1      0             0      0        0
  SINCE JAN 1      0             0      0        0
......................................................


WIND (MPH)
  HIGHEST WIND SPEED    16   HIGHEST WIND DIRECTION     S (180)
  HIGHEST GUST SPEED    26   HIGHEST GUST DIRECTION     S (190)
  AVERAGE WIND SPEED     5.3


SKY COVER
  AVERAGE SKY COVER 0.1


WEATHER CONDITIONS
 THE FOLLOWING WEATHER WAS RECORDED YESTERDAY.
  LIGHT RAIN


RELATIVE HUMIDITY (PERCENT)
 HIGHEST    82
 LOWEST     28
 AVERAGE    55

..........................................................




SUNRISE AND SUNSET
MAY 22 2018...........SUNRISE   522 AM MDT   SUNSET   820 PM MDT
MAY 23 2018...........SUNRISE   522 AM MDT   SUNSET   821 PM MDT


-  INDICATES NEGATIVE NUMBERS.
R  INDICATES RECORD WAS SET OR TIED.
MM INDICATES DATA IS MISSING.
T  INDICATES TRACE AMOUNT.




$$
