000
CDUS46 KSGX 210022
CLICZZ


CLIMATE REPORT
NATIONAL WEATHER SERVICE SAN DIEGO, CA
522 PM PDT SUN MAY 20 2018


...................................

...THE CAMPO ASOS CA CLIMATE SUMMARY FOR MAY 20 2018...
VALID TODAY AS OF 0500 PM LOCAL TIME.

CLIMATE NORMAL PERIOD 1981 TO 2010
CLIMATE RECORD PERIOD 1948 TO 2018


WEATHER ITEM   OBSERVED TIME   RECORD YEAR NORMAL DEPARTURE LAST
                VALUE   (LST)  VALUE       VALUE  FROM      YEAR
                                                  NORMAL
..................................................................
TEMPERATURE (F)
 TODAY
  MAXIMUM         73    217 PM  94    2000  81     -8       85
  MINIMUM         40    420 AM  27    1974  42     -2       41
  AVERAGE         57                        61     -4       63

PRECIPITATION (IN)
  TODAY            0.00          0.08 1975   0.00   0.00     0.00
  MONTH TO DATE    0.05                      0.15  -0.10     0.89
  SINCE OCT 1      4.31                     14.23  -9.92    16.58
  SINCE JAN 1      3.96                     10.01  -6.05    11.35

DEGREE DAYS
 HEATING
  TODAY            8                         5      3        2
  MONTH TO DATE  127                       115     12      140
  SINCE MAR 1    797                       832    -35      718
  SINCE JUL 1   2419                      2883   -464     2628

 COOLING
  TODAY            0                         1     -1        0
  MONTH TO DATE   11                        15     -4       10
  SINCE MAR 1     11                        18     -7       12
  SINCE JAN 1     11                        18     -7       12
..................................................................


WIND (MPH)
  RESULTANT WIND SPEED   7   RESULTANT WIND DIRECTION  SW (220)
  HIGHEST WIND SPEED    22   HIGHEST WIND DIRECTION    SW (220)
  HIGHEST GUST SPEED    29   HIGHEST GUST DIRECTION     S (200)
  AVERAGE WIND SPEED     9.8


SKY COVER
  POSSIBLE SUNSHINE  MM
  AVERAGE SKY COVER 0.0



RELATIVE HUMIDITY (PERCENT)
 HIGHEST   100           200 AM
 LOWEST     46           200 PM
 AVERAGE    73

..........................................................


THE CAMPO ASOS CA CLIMATE NORMALS FOR TOMORROW
                         NORMAL    RECORD    YEAR
 MAXIMUM TEMPERATURE (F)   81        97      1967
 MINIMUM TEMPERATURE (F)   42        29      1970


SUNRISE AND SUNSET
MAY 20 2018...........SUNRISE   544 AM PDT   SUNSET   741 PM PDT
MAY 21 2018...........SUNRISE   544 AM PDT   SUNSET   742 PM PDT


-  INDICATES NEGATIVE NUMBERS.
R  INDICATES RECORD WAS SET OR TIED.
MM INDICATES DATA IS MISSING.
T  INDICATES TRACE AMOUNT.




$$
