000
CDUS41 KRNK 202120
CLIDAN


CLIMATE REPORT
NATIONAL WEATHER SERVICE BLACKSBURG VA
519 PM EDT SUN MAY 20 2018


...................................

...THE DANVILLE VA CLIMATE SUMMARY FOR MAY 20 2018...
VALID TODAY AS OF 0500 PM LOCAL TIME.

CLIMATE NORMAL PERIOD 1981 TO 2010
CLIMATE RECORD PERIOD 1948 TO 2018


WEATHER ITEM   OBSERVED TIME   RECORD YEAR NORMAL DEPARTURE LAST
                VALUE   (LST)  VALUE       VALUE  FROM      YEAR
                                                  NORMAL
..................................................................
TEMPERATURE (F)
 TODAY
  MAXIMUM         85    336 PM  97    1996  78      7       88
  MINIMUM         69    653 AM  37    1976  57     12       64
  AVERAGE         77                        67     10       76

PRECIPITATION (IN)
  TODAY            0.07          1.89 1987   0.13  -0.06     0.06
  MONTH TO DATE    5.41                      2.37   3.04     2.94
  SINCE MAR 1     13.54                      9.94   3.60    13.13
  SINCE JAN 1     18.76                     16.37   2.39    17.90

SNOWFALL (IN)
  TODAY            0.0                                       0.0
  MONTH TO DATE    0.0                                       0.0
  SINCE MAR 1      7.4                                        T
  SINCE JUL 1     21.1                                       8.8
  SNOW DEPTH       0

DEGREE DAYS
 HEATING
  TODAY            0                         2     -2        0
  MONTH TO DATE    8                        58    -50       68
  SINCE MAR 1    930                       800    130      682
  SINCE JUL 1   3595                      3801   -206     3138

 COOLING
  TODAY           12                         4      8       11
  MONTH TO DATE  121                        55     66       64
  SINCE MAR 1    136                        89     47      142
  SINCE JAN 1    136                        89     47      147
..................................................................


WIND (MPH)
  HIGHEST WIND SPEED    10   HIGHEST WIND DIRECTION     W (250)
  HIGHEST GUST SPEED    14   HIGHEST GUST DIRECTION    SW (240)
  AVERAGE WIND SPEED     6.3


SKY COVER
  AVERAGE SKY COVER 0.7


WEATHER CONDITIONS
 THE FOLLOWING WEATHER WAS RECORDED TODAY.
  LIGHT RAIN
  FOG


RELATIVE HUMIDITY (PERCENT)
 HIGHEST   100           300 AM
 LOWEST     63           100 PM
 AVERAGE    82

..........................................................


THE DANVILLE VA CLIMATE NORMALS FOR TOMORROW
                         NORMAL    RECORD    YEAR
 MAXIMUM TEMPERATURE (F)   78        96      1996
 MINIMUM TEMPERATURE (F)   57        43      2002


SUNRISE AND SUNSET
MAY 20 2018...........SUNRISE   607 AM EDT   SUNSET   822 PM EDT
MAY 21 2018...........SUNRISE   606 AM EDT   SUNSET   822 PM EDT


-  INDICATES NEGATIVE NUMBERS.
R  INDICATES RECORD WAS SET OR TIED.
MM INDICATES DATA IS MISSING.
T  INDICATES TRACE AMOUNT.


REMARKS:
DUE TO MISSING DATA ON JANUARY 4-9, JANUARY 21-22, MARCH 2-3, AND
APRIL 26-27, ALL INFORMATION WILL BE CALCULATED WITHOUT DATA FROM
THESE DATES.


$$

PW
