000
CDUS44 KSHV 252140
CLIDEQ


CLIMATE REPORT
NATIONAL WEATHER SERVICE SHREVEPORT, LA
438 PM CDT WED APR 25 2018


...................................

...THE DE QUEEN CLIMATE SUMMARY FOR APRIL 25 2018...
VALID TODAY AS OF 0400 PM LOCAL TIME.

CLIMATE NORMAL PERIOD 1981 TO 2010
CLIMATE RECORD PERIOD 1902 TO 2018


WEATHER ITEM   OBSERVED TIME   RECORD YEAR NORMAL DEPARTURE LAST
                VALUE   (LST)  VALUE       VALUE  FROM      YEAR
                                                  NORMAL
..................................................................
TEMPERATURE (F)
 TODAY
  MAXIMUM         66   1013 AM  88    1955  76    -10       81
  MINIMUM         51    606 AM  34    2013  52     -1       51
  AVERAGE         59                        64     -5       66

PRECIPITATION (IN)
  TODAY            0.04          5.22 2011   0.16  -0.12     0.00
  MONTH TO DATE    4.46                      3.04   1.42     6.58
  SINCE DEC 1     28.60                     19.04   9.56    17.36
  SINCE JAN 1     23.35                     14.68   8.67    14.65

SNOWFALL (IN)
  TODAY            0.0
  MONTH TO DATE    0.0
  SINCE MAR 1      0.0
  SINCE JUL 1      0.1
  SNOW DEPTH       0

DEGREE DAYS
 HEATING
  TODAY            6                         3      3        0
  MONTH TO DATE  207                       141     66       56
  SINCE MAR 1    488                       518    -30      289
  SINCE JUL 1   2862                      3009   -147     2058

 COOLING
  TODAY            0                         2     -2        1
  MONTH TO DATE    4                        28    -24       55
  SINCE MAR 1     16                        37    -21       82
  SINCE JAN 1     18                        39    -21       92
..................................................................


WIND (MPH)
  HIGHEST WIND SPEED    13   HIGHEST WIND DIRECTION     N (340)
  HIGHEST GUST SPEED    18   HIGHEST GUST DIRECTION     N (350)
  AVERAGE WIND SPEED     2.5


SKY COVER
  POSSIBLE SUNSHINE  MM
  AVERAGE SKY COVER 0.6


WEATHER CONDITIONS
 THE FOLLOWING WEATHER WAS RECORDED TODAY.
  RAIN
  LIGHT RAIN
  FOG


RELATIVE HUMIDITY (PERCENT)
 HIGHEST   100           600 AM
 LOWEST     78           900 AM
 AVERAGE    89

..........................................................


THE DE QUEEN CLIMATE NORMALS FOR TOMORROW
                         NORMAL    RECORD    YEAR
 MAXIMUM TEMPERATURE (F)   77        88      1939
 MINIMUM TEMPERATURE (F)   52        33      1950


SUNRISE AND SUNSET
APRIL 25 2018.........SUNRISE   635 AM CDT   SUNSET   757 PM CDT
APRIL 26 2018.........SUNRISE   634 AM CDT   SUNSET   758 PM CDT


-  INDICATES NEGATIVE NUMBERS.
R  INDICATES RECORD WAS SET OR TIED.
MM INDICATES DATA IS MISSING.
T  INDICATES TRACE AMOUNT.




$$
