000
CDUS44 KFWD 240653
CLIDFW


CLIMATE REPORT
NATIONAL WEATHER SERVICE FORT WORTH TX
152 AM CDT TUE APR 24 2018


...................................

...THE DALLAS FORT WORTH CLIMATE SUMMARY FOR APRIL 23 2018...

CLIMATE NORMAL PERIOD 1981 TO 2010
CLIMATE RECORD PERIOD 1898 TO 2018


WEATHER ITEM   OBSERVED TIME   RECORD YEAR NORMAL DEPARTURE LAST
                VALUE   (LST)  VALUE       VALUE  FROM      YEAR
                                                  NORMAL
..................................................................
TEMPERATURE (F)
 YESTERDAY
  MAXIMUM         76    501 PM  90    1934  78     -2       75
  MINIMUM         51    534 AM  41    2013  57     -6       49
                                      1907
  AVERAGE         64                        68     -4       62

PRECIPITATION (IN)
  YESTERDAY        0.00          2.31 1953   0.12  -0.12     0.00
  MONTH TO DATE    0.66                      2.17  -1.51     3.32
  SINCE MAR 1      3.56                      5.66  -2.10     4.38
  SINCE JAN 1     15.72                     10.45   5.27    11.10

SNOWFALL (IN)
  YESTERDAY        0.0           0.0    MM   0.0    0.0      0.0
  MONTH TO DATE    0.0                       0.0    0.0      0.0
  SINCE MAR 1      0.0                       0.2   -0.2      0.0
  SINCE JUL 1      T                         1.6   -1.6      0.1
  SNOW DEPTH       0

DEGREE DAYS
 HEATING
  YESTERDAY        1                         2     -1        3
  MONTH TO DATE  141                        76     65       15
  SINCE MAR 1    255                       337    -82      108
  SINCE JUL 1   1922                      2269   -347     1296

 COOLING
  YESTERDAY        0                         4     -4        0
  MONTH TO DATE   34                        66    -32      129
  SINCE MAR 1    104                        98      6      252
  SINCE JAN 1    126                       105     21      320
..................................................................


WIND (MPH)
  HIGHEST WIND SPEED    18   HIGHEST WIND DIRECTION     N (340)
  HIGHEST GUST SPEED    25   HIGHEST GUST DIRECTION    NW (320)
  AVERAGE WIND SPEED     9.8


SKY COVER
  POSSIBLE SUNSHINE  MM
  AVERAGE SKY COVER 0.4


WEATHER CONDITIONS
 THE FOLLOWING WEATHER WAS RECORDED YESTERDAY.
  NO SIGNIFICANT WEATHER WAS OBSERVED.


RELATIVE HUMIDITY (PERCENT)
 HIGHEST    89           500 AM
 LOWEST     41           500 PM
 AVERAGE    65

..........................................................


THE DALLAS FORT WORTH CLIMATE NORMALS FOR TODAY
                         NORMAL    RECORD    YEAR
 MAXIMUM TEMPERATURE (F)   78        91      1984
                                             1950
                                             1901
 MINIMUM TEMPERATURE (F)   57        37      2013


SUNRISE AND SUNSET
APRIL 24 2018.........SUNRISE   648 AM CDT   SUNSET   805 PM CDT
APRIL 25 2018.........SUNRISE   647 AM CDT   SUNSET   806 PM CDT


-  INDICATES NEGATIVE NUMBERS.
R  INDICATES RECORD WAS SET OR TIED.
MM INDICATES DATA IS MISSING.
T  INDICATES TRACE AMOUNT.




$$
