000
CDUS44 KAMA 240647
CLIDHT


CLIMATE REPORT
NATIONAL WEATHER SERVICE AMARILLO TX
146 AM CDT TUE APR 24 2018


...................................

...THE DALHART CLIMATE SUMMARY FOR APRIL 23 2018...

CLIMATE NORMAL PERIOD 1981 TO 2010
CLIMATE RECORD PERIOD 1948 TO 2018


WEATHER ITEM   OBSERVED TIME   RECORD YEAR NORMAL DEPARTURE LAST
                VALUE   (LST)  VALUE       VALUE  FROM      YEAR
                                                  NORMAL
..................................................................
TEMPERATURE (F)
 YESTERDAY
  MAXIMUM         75    442 PM  92    2006  72      3       76
  MINIMUM         35    613 AM  25    2013  40     -5       31
  AVERAGE         55                        56     -1       54

PRECIPITATION (IN)
  YESTERDAY        0.00          1.25 2003   0.04  -0.04     0.00
  MONTH TO DATE    0.70                      0.77  -0.07     1.60
  SINCE MAR 1      0.70                      1.94  -1.24     3.02
  SINCE JAN 1      0.71                      2.86  -2.15     4.10

SNOWFALL (IN)
  YESTERDAY        0.0           0.0    MM   0.0    0.0      0.0
  MONTH TO DATE    0.0                       1.1   -1.1      1.0
  SINCE MAR 1      0.0                       5.3   -5.3      1.0
  SINCE JUL 1      2.3                      18.8  -16.5      2.3
  SNOW DEPTH       0

DEGREE DAYS
 HEATING
  YESTERDAY       10                         9      1       11
  MONTH TO DATE  347                       289     58      196
  SINCE MAR 1    840                       900    -60      611
  SINCE JUL 1   4027                      4543   -516     3428

 COOLING
  YESTERDAY        0                         0      0        0
  MONTH TO DATE    1                         0      1       26
  SINCE MAR 1      1                         0      1       32
  SINCE JAN 1      1                         0      1       32
..................................................................


WIND (MPH)
  RESULTANT WIND SPEED   6   RESULTANT WIND DIRECTION   S (160)
  HIGHEST WIND SPEED    20   HIGHEST WIND DIRECTION     S (160)
  HIGHEST GUST SPEED    28   HIGHEST GUST DIRECTION    SE (150)
  AVERAGE WIND SPEED     9.3


SKY COVER
  AVERAGE SKY COVER 0.0


WEATHER CONDITIONS
 THE FOLLOWING WEATHER WAS RECORDED YESTERDAY.
  FOG
  HAZE


RELATIVE HUMIDITY (PERCENT)
 HIGHEST   100           600 AM
 LOWEST     29           400 PM
 AVERAGE    65

..........................................................


THE DALHART CLIMATE NORMALS FOR TODAY
                         NORMAL    RECORD    YEAR
 MAXIMUM TEMPERATURE (F)   72        94      2012
 MINIMUM TEMPERATURE (F)   41        17      2013


SUNRISE AND SUNSET
APRIL 24 2018.........SUNRISE   706 AM CDT   SUNSET   832 PM CDT
APRIL 25 2018.........SUNRISE   704 AM CDT   SUNSET   832 PM CDT


-  INDICATES NEGATIVE NUMBERS.
R  INDICATES RECORD WAS SET OR TIED.
MM INDICATES DATA IS MISSING.
T  INDICATES TRACE AMOUNT.




$$
