000
CDUS45 KTFX 220845
CLIDLN


CLIMATE REPORT
NATIONAL WEATHER SERVICE GREAT FALLS MT
244 AM MDT SUN APR 22 2018


...................................

...THE DILLON AIRPORT MT CLIMATE SUMMARY FOR APRIL 21 2018...

CLIMATE NORMAL PERIOD 1981 TO 2010
CLIMATE RECORD PERIOD 1929 TO 2018


WEATHER ITEM   OBSERVED TIME   RECORD YEAR NORMAL DEPARTURE LAST
                VALUE   (LST)  VALUE       VALUE  FROM      YEAR
                                                  NORMAL
..................................................................
TEMPERATURE (F)
 YESTERDAY
  MAXIMUM         67    401 PM  78    1989  56     11       50
  MINIMUM         29    341 AM   9    1951  30     -1       32
  AVERAGE         48                        43      5       41

PRECIPITATION (IN)
  YESTERDAY        0.00          0.25 2001   0.03  -0.03      T
  MONTH TO DATE    1.15                      0.70   0.45     1.35
  SINCE OCT 1      3.82                      3.18   0.64     4.75
  SINCE JAN 1      2.69                      1.78   0.91     2.21

SNOWFALL (IN)
  YESTERDAY       MM
  SNOW DEPTH       0

DEGREE DAYS
 HEATING
  YESTERDAY       17                               -5       24
  MONTH TO DATE  564                               45      490
  SINCE MAR 1   1679                              210     1226
  SINCE JUL 1   7656                              270     7181

 COOLING
  YESTERDAY        0                                0        0
  MONTH TO DATE    0                                0        0
  SINCE MAR 1      0                                0        0
  SINCE JAN 1      0                                0        0
..................................................................


WIND (MPH)
  HIGHEST WIND SPEED    25   HIGHEST WIND DIRECTION    SW (240)
  HIGHEST GUST SPEED    35   HIGHEST GUST DIRECTION     W (250)
  AVERAGE WIND SPEED    12.8


SKY COVER
  AVERAGE SKY COVER 0.0


WEATHER CONDITIONS
 THE FOLLOWING WEATHER WAS RECORDED YESTERDAY.
  NO SIGNIFICANT WEATHER WAS OBSERVED.


RELATIVE HUMIDITY (PERCENT)
 HIGHEST    78
 LOWEST     19
 AVERAGE    49

..........................................................


THE DILLON AIRPORT MT CLIMATE NORMALS FOR TODAY
                         NORMAL    RECORD    YEAR
 MAXIMUM TEMPERATURE (F)   57        78      1987
 MINIMUM TEMPERATURE (F)   30        15      1968


SUNRISE AND SUNSET
APRIL 22 2018.........SUNRISE   633 AM MDT   SUNSET   825 PM MDT
APRIL 23 2018.........SUNRISE   631 AM MDT   SUNSET   826 PM MDT


-  INDICATES NEGATIVE NUMBERS.
R  INDICATES RECORD WAS SET OR TIED.
MM INDICATES DATA IS MISSING.
T  INDICATES TRACE AMOUNT.




$$
