000
CDUS41 KLWX 260537
CLIDMH


CLIMATE REPORT
NATIONAL WEATHER SERVICE BALTIMORE MD/WASHINGTON DC
134 AM EDT SAT MAY 26 2018


...................................

...THE BALTIMORE INNER HARBOR MD CLIMATE SUMMARY FOR MAY 25 2018...

CLIMATE NORMAL PERIOD 1981 TO 2010
CLIMATE RECORD PERIOD 1999 TO 2018


WEATHER ITEM   OBSERVED TIME   RECORD YEAR NORMAL DEPARTURE LAST
                VALUE   (LST)  VALUE       VALUE  FROM      YEAR
                                                  NORMAL
..................................................................
TEMPERATURE (F)
 YESTERDAY
  MAXIMUM         92    255 PM  MM      MM  78     14       74
  MINIMUM         66    505 AM  MM      MM  60      6       57
  AVERAGE         79                        69     10       66

PRECIPITATION (IN)
  YESTERDAY        0.00         MM      MM   0.13  -0.13     0.94
  MONTH TO DATE    5.44                      2.74   2.70     4.21
  SINCE MAR 1     12.82                      9.82   3.00    10.97
  SINCE JAN 1     18.56                     15.34   3.22    14.86

DEGREE DAYS
 HEATING
  YESTERDAY        0                         1     -1        0
  MONTH TO DATE   12                        75    -63       72
  SINCE MAR 1    998                       932     66      788
  SINCE JUL 1   3790                      4020   -230     3242

 COOLING
  YESTERDAY       14                         5      9        1
  MONTH TO DATE  173                        78     95       71
  SINCE MAR 1    197                       103     94      153
  SINCE JAN 1    199                       103     96      153
..................................................................


WIND (MPH)
  HIGHEST WIND SPEED    MM   HIGHEST WIND DIRECTION    MM
  HIGHEST GUST SPEED    MM   HIGHEST GUST DIRECTION    MM
  AVERAGE WIND SPEED    MM


SKY COVER
  POSSIBLE SUNSHINE  MM



RELATIVE HUMIDITY (PERCENT)
 HIGHEST    73           400 AM
 LOWEST     34          1200 PM
 AVERAGE    54

..........................................................


THE BALTIMORE INNER HARBOR MD CLIMATE NORMALS FOR TODAY
                         NORMAL
 MAXIMUM TEMPERATURE (F)   78
 MINIMUM TEMPERATURE (F)   60


SUNRISE AND SUNSET
MAY 26 2018...........SUNRISE   545 AM EDT   SUNSET   823 PM EDT
MAY 27 2018...........SUNRISE   544 AM EDT   SUNSET   823 PM EDT


-  INDICATES NEGATIVE NUMBERS.
R  INDICATES RECORD WAS SET OR TIED.
MM INDICATES DATA IS MISSING.
T  INDICATES TRACE AMOUNT.




$$
