000
CDUS44 KEWX 210701
CLIDRT


CLIMATE REPORT
NATIONAL WEATHER SERVICE AUSTIN/SAN ANTONIO, TX
200 AM CDT SAT APR 21 2018


...................................

...THE DEL RIO CLIMATE SUMMARY FOR APRIL 20 2018...

CLIMATE NORMAL PERIOD 1981 TO 2010
CLIMATE RECORD PERIOD 1906 TO 2018


WEATHER ITEM   OBSERVED TIME   RECORD YEAR NORMAL DEPARTURE LAST
                VALUE   (LST)  VALUE       VALUE  FROM      YEAR
                                                  NORMAL
..................................................................
TEMPERATURE (F)
 YESTERDAY
  MAXIMUM         69    644 PM 106    1984  85    -16       90
  MINIMUM         62   1140 AM  48    1953  61      1       62
  AVERAGE         66                        73     -7       76

PRECIPITATION (IN)
  YESTERDAY        0.00          1.43 1987   0.06  -0.06     0.00
  MONTH TO DATE    0.01                      1.00  -0.99     5.64
  SINCE MAR 1      0.14                      2.14  -2.00     6.15
  SINCE JAN 1      0.33                      3.74  -3.41     7.12

SNOWFALL (IN)
  YESTERDAY        0.0
  MONTH TO DATE    0.0
  SINCE MAR 1      0.0
  SINCE JUL 1      T

DEGREE DAYS
 HEATING
  YESTERDAY        0                         1     -1        0
  MONTH TO DATE    7                        24    -17        8
  SINCE MAR 1     39                       138    -99       45
  SINCE JUL 1   1270                      1374   -104      838

 COOLING
  YESTERDAY        1                         8     -7       11
  MONTH TO DATE  128                       129     -1      151
  SINCE MAR 1    272                       216     56      305
  SINCE JAN 1    314                       235     79      368
..................................................................


WIND (MPH)
  HIGHEST WIND SPEED    23   HIGHEST WIND DIRECTION     E (110)
  HIGHEST GUST SPEED    34   HIGHEST GUST DIRECTION     E (110)
  AVERAGE WIND SPEED    13.4


SKY COVER
  AVERAGE SKY COVER 0.8


WEATHER CONDITIONS
 THE FOLLOWING WEATHER WAS RECORDED YESTERDAY.
  NO SIGNIFICANT WEATHER WAS OBSERVED.


RELATIVE HUMIDITY (PERCENT)
 HIGHEST    78          1100 PM
 LOWEST     35           100 AM
 AVERAGE    57

..........................................................


THE DEL RIO CLIMATE NORMALS FOR TODAY
                         NORMAL    RECORD    YEAR
 MAXIMUM TEMPERATURE (F)   85        97      1997
                                             1995
 MINIMUM TEMPERATURE (F)   61        47      1953


SUNRISE AND SUNSET
APRIL 21 2018.........SUNRISE   711 AM CDT   SUNSET   814 PM CDT
APRIL 22 2018.........SUNRISE   710 AM CDT   SUNSET   815 PM CDT


-  INDICATES NEGATIVE NUMBERS.
R  INDICATES RECORD WAS SET OR TIED.
MM INDICATES DATA IS MISSING.
T  INDICATES TRACE AMOUNT.




$$
