000
CDUS43 KDTX 252032
CLIDTW


CLIMATE REPORT
NATIONAL WEATHER SERVICE DETROIT/PONTIAC MI
431 PM EDT FRI MAY 25 2018


...................................

...THE DETROIT MI CLIMATE SUMMARY FOR MAY 25 2018...
VALID TODAY AS OF 0400 PM LOCAL TIME.

CLIMATE NORMAL PERIOD 1981 TO 2010
CLIMATE RECORD PERIOD 1874 TO 2018


WEATHER ITEM   OBSERVED TIME   RECORD YEAR NORMAL DEPARTURE LAST
                VALUE   (LST)  VALUE       VALUE  FROM      YEAR
                                                  NORMAL
..................................................................
TEMPERATURE (F)
 TODAY
  MAXIMUM         87    259 PM  90    2012  73     14       63
  MINIMUM         58    429 AM  35    1992  52      6       58
  AVERAGE         73                        62     11       61

PRECIPITATION (IN)
  TODAY            0.00          1.67 2011   0.12  -0.12     0.59
  MONTH TO DATE    6.16                      2.70   3.46     4.06
  SINCE MAR 1     12.58                      7.88   4.70    11.87
  SINCE JAN 1     18.21                     11.86   6.35    16.60

SNOWFALL (IN)
  TODAY            0.0           0.0    MM   0.0    0.0      0.0
  MONTH TO DATE    0.0                       0.0    0.0      0.0
  SINCE MAR 1      8.3                       8.6   -0.3      7.0
  SINCE JUL 1     61.0                      42.5   18.5     37.9
  SNOW DEPTH       0

DEGREE DAYS
 HEATING
  TODAY            0                         5     -5        4
  MONTH TO DATE   76                       186   -110      217
  SINCE MAR 1   1639                      1527    112     1406
  SINCE JUL 1   6075                      6080     -5     5144

 COOLING
  TODAY            8                         2      6        0
  MONTH TO DATE   36                        26     10       30
  SINCE MAR 1     36                        32      4       37
  SINCE JAN 1     36                        32      4       37
..................................................................


WIND (MPH)
  HIGHEST WIND SPEED    16   HIGHEST WIND DIRECTION    SW (220)
  HIGHEST GUST SPEED    26   HIGHEST GUST DIRECTION     W (280)
  AVERAGE WIND SPEED     6.3


SKY COVER
  POSSIBLE SUNSHINE  MM
  AVERAGE SKY COVER 0.4


WEATHER CONDITIONS
 THE FOLLOWING WEATHER WAS RECORDED TODAY.
  HAZE


RELATIVE HUMIDITY (PERCENT)
 HIGHEST    75           400 AM
 LOWEST     35           300 PM
 AVERAGE    55

..........................................................


THE DETROIT MI CLIMATE NORMALS FOR TOMORROW
                         NORMAL    RECORD    YEAR
 MAXIMUM TEMPERATURE (F)   73        92      1944
 MINIMUM TEMPERATURE (F)   53        36      1983
                                             1969
                                             1913


SUNRISE AND SUNSET
MAY 25 2018...........SUNRISE   604 AM EDT   SUNSET   857 PM EDT
MAY 26 2018...........SUNRISE   603 AM EDT   SUNSET   858 PM EDT


-  INDICATES NEGATIVE NUMBERS.
R  INDICATES RECORD WAS SET OR TIED.
MM INDICATES DATA IS MISSING.
T  INDICATES TRACE AMOUNT.




$$
