310
CDUS46 KOTX 250424
CLIEAT


CLIMATE REPORT
NATIONAL WEATHER SERVICE SPOKANE, WA
924 PM PDT TUE APR 24 2018


...................................

...THE WENATCHEE WA PANGBORN FIELD CLIMATE SUMMARY FOR APRIL 24 2018...
VALID TODAY AS OF 0800 PM LOCAL TIME.

CLIMATE NORMAL PERIOD 1981 TO 2010
CLIMATE RECORD PERIOD 1959 TO 2018


WEATHER ITEM   OBSERVED TIME   RECORD YEAR NORMAL DEPARTURE LAST
                VALUE   (LST)  VALUE       VALUE  FROM      YEAR
                                                  NORMAL
..................................................................
TEMPERATURE (F)
 TODAY
  MAXIMUM         70    514 PM  93    1977  64      6       58
  MINIMUM         38    440 AM  28    1985  42     -4       44
  AVERAGE         54                        53      1       51

PRECIPITATION (IN)
  TODAY            0.00          0.43 2003   0.01  -0.01     0.00
  MONTH TO DATE    1.05                      0.37   0.68     2.15
  SINCE OCT 1      6.43                      5.83   0.60     9.01
  SINCE JAN 1      3.35                      2.88   0.47     6.19

DEGREE DAYS
 HEATING
  TODAY           11                        12     -1       14
  MONTH TO DATE  399                       337     62      396
  SINCE MAR 1   1096                       985    111     1134
  SINCE JUL 1   5514                      5449     65     5925

 COOLING
  TODAY            0                         0      0        0
  MONTH TO DATE    0                         0      0        0
  SINCE MAR 1      0                         2     -2        0
  SINCE JAN 1      0                         2     -2        0
..................................................................


WIND (MPH)
  HIGHEST WIND SPEED    14   HIGHEST WIND DIRECTION    SE (150)
  HIGHEST GUST SPEED    18   HIGHEST GUST DIRECTION    SE (150)
  AVERAGE WIND SPEED     4.8


SKY COVER
  POSSIBLE SUNSHINE  MM
  AVERAGE SKY COVER 0.0


WEATHER CONDITIONS
 THE FOLLOWING WEATHER WAS RECORDED TODAY.
  NO SIGNIFICANT WEATHER WAS OBSERVED.


RELATIVE HUMIDITY (PERCENT)
 HIGHEST    70           500 AM
 LOWEST     22           200 PM
 AVERAGE    46

..........................................................


THE WENATCHEE WA PANGBORN FIELD CLIMATE NORMALS FOR TOMORROW
                         NORMAL    RECORD    YEAR
 MAXIMUM TEMPERATURE (F)   65        82      1977
 MINIMUM TEMPERATURE (F)   43        32      2008


SUNRISE AND SUNSET
APRIL 24 2018.........SUNRISE   556 AM PDT   SUNSET   803 PM PDT
APRIL 25 2018.........SUNRISE   554 AM PDT   SUNSET   804 PM PDT


-  INDICATES NEGATIVE NUMBERS.
R  INDICATES RECORD WAS SET OR TIED.
MM INDICATES DATA IS MISSING.
T  INDICATES TRACE AMOUNT.




$$
