264
CDUS43 KMPX 250635
CLIEAU


CLIMATE REPORT
NATIONAL WEATHER SERVICE CHANHASSEN MN
132 AM CDT FRI MAY 25 2018


...................................

...THE EAU CLAIRE WI CLIMATE SUMMARY FOR MAY 24 2018...

CLIMATE NORMAL PERIOD 1981 TO 2010
CLIMATE RECORD PERIOD 1893 TO 2018


WEATHER ITEM   OBSERVED TIME   RECORD YEAR NORMAL DEPARTURE LAST
                VALUE   (LST)  VALUE       VALUE  FROM      YEAR
                                                  NORMAL
..................................................................
TEMPERATURE (F)
 YESTERDAY
  MAXIMUM         90    139 PM  93    2010  72     18       66
  MINIMUM         60    457 AM  33    2013  48     12       48
                                      1917
  AVERAGE         75                        60     15       57

PRECIPITATION (IN)
  YESTERDAY        0.14          1.86 1945   0.11   0.03     0.00
  MONTH TO DATE    1.62                      2.63  -1.01     4.12
  SINCE MAR 1      4.14                      7.11  -2.97    10.18
  SINCE JAN 1      6.60                      8.81  -2.21    14.26

SNOWFALL (IN)
  YESTERDAY        0.0           T    1925   0.0    0.0      0.0
  MONTH TO DATE    0.0                       0.2   -0.2       T
  SINCE MAR 1     25.4                      10.7   14.7      5.6
  SINCE JUL 1     64.4                      47.0   17.4     54.5
  SNOW DEPTH       0

DEGREE DAYS
 HEATING
  YESTERDAY        0                         6     -6        8
  MONTH TO DATE  114                       219   -105      255
  SINCE MAR 1   2109                      1839    270     1826
  SINCE JUL 1   8271                      7859    412     6936

 COOLING
  YESTERDAY       10                         1      9        0
  MONTH TO DATE   17                        18     -1        7
  SINCE MAR 1     18                        22     -4        7
  SINCE JAN 1     18                        22     -4        7
..................................................................


WIND (MPH)
  HIGHEST WIND SPEED    26   HIGHEST WIND DIRECTION     W (260)
  HIGHEST GUST SPEED    36   HIGHEST GUST DIRECTION     W (250)
  AVERAGE WIND SPEED     9.9


SKY COVER
  POSSIBLE SUNSHINE  MM
  AVERAGE SKY COVER 0.2


WEATHER CONDITIONS
 THE FOLLOWING WEATHER WAS RECORDED YESTERDAY.
  THUNDERSTORM
  RAIN
  LIGHT RAIN
  FOG


RELATIVE HUMIDITY (PERCENT)
 HIGHEST    90           400 AM
 LOWEST     43           500 PM
 AVERAGE    67

..........................................................


THE EAU CLAIRE WI CLIMATE NORMALS FOR TODAY
                         NORMAL    RECORD    YEAR
 MAXIMUM TEMPERATURE (F)   72        89      1980
 MINIMUM TEMPERATURE (F)   48        32      1988
                                             1925
                                             1897


SUNRISE AND SUNSET
MAY 25 2018...........SUNRISE   528 AM CDT   SUNSET   839 PM CDT
MAY 26 2018...........SUNRISE   527 AM CDT   SUNSET   840 PM CDT


-  INDICATES NEGATIVE NUMBERS.
R  INDICATES RECORD WAS SET OR TIED.
MM INDICATES DATA IS MISSING.
T  INDICATES TRACE AMOUNT.




$$
