000
CDUS44 KEPZ 220936
CLIELP


CLIMATE REPORT
NATIONAL WEATHER SERVICE EL PASO, TX
334 AM MDT SUN APR 22 2018


...................................

...THE EL PASO CLIMATE SUMMARY FOR APRIL 21 2018...

CLIMATE NORMAL PERIOD 1981 TO 2010
CLIMATE RECORD PERIOD 1879 TO 2018


WEATHER ITEM   OBSERVED TIME   RECORD YEAR NORMAL DEPARTURE LAST
                VALUE   (LST)  VALUE       VALUE  FROM      YEAR
                                                  NORMAL
..................................................................
TEMPERATURE (F)
 YESTERDAY
  MAXIMUM         78    405 PM  98    1989  80     -2       90
  MINIMUM         51    511 AM  34    1977  52     -1       61
  AVERAGE         65                        66     -1       76

PRECIPITATION (IN)
  YESTERDAY        0.00          0.28 1979   0.01  -0.01     0.00
  MONTH TO DATE    T                         0.16  -0.16     0.00
  SINCE MAR 1      0.21                      0.42  -0.21      T
  SINCE JAN 1      0.98                      1.28  -0.30     1.21

SNOWFALL (IN)
  YESTERDAY        0.0                                       0.0
  MONTH TO DATE    0.0                                       0.0
  SINCE MAR 1      0.0                                       0.0
  SINCE JUL 1      0.1                                        T
  SNOW DEPTH       0

DEGREE DAYS
 HEATING
  YESTERDAY        0                         2     -2        0
  MONTH TO DATE   10                        78    -68       25
  SINCE MAR 1    147                       348   -201       88
  SINCE JUL 1   1642                      2451   -809     1557

 COOLING
  YESTERDAY        0                         3     -3       11
  MONTH TO DATE  127                        42     85      117
  SINCE MAR 1    164                        52    112      186
  SINCE JAN 1    164                        52    112      189
..................................................................


WIND (MPH)
  HIGHEST WIND SPEED    28   HIGHEST WIND DIRECTION    NW (310)
  HIGHEST GUST SPEED    34   HIGHEST GUST DIRECTION    NW (310)
  AVERAGE WIND SPEED     9.5


SKY COVER
  POSSIBLE SUNSHINE  MM
  AVERAGE SKY COVER 0.3


WEATHER CONDITIONS
 THE FOLLOWING WEATHER WAS RECORDED YESTERDAY.
  NO SIGNIFICANT WEATHER WAS OBSERVED.


RELATIVE HUMIDITY (PERCENT)
 HIGHEST    41           400 AM
 LOWEST     15          1200 PM
 AVERAGE    28

..........................................................


THE EL PASO CLIMATE NORMALS FOR TODAY
                         NORMAL    RECORD    YEAR
 MAXIMUM TEMPERATURE (F)   80        98      1965
 MINIMUM TEMPERATURE (F)   53        31      1907


SUNRISE AND SUNSET
APRIL 22 2018.........SUNRISE   629 AM MDT   SUNSET   740 PM MDT
APRIL 23 2018.........SUNRISE   628 AM MDT   SUNSET   740 PM MDT


-  INDICATES NEGATIVE NUMBERS.
R  INDICATES RECORD WAS SET OR TIED.
MM INDICATES DATA IS MISSING.
T  INDICATES TRACE AMOUNT.




$$
