000
CDUS43 KTOP 222135
CLIEMP


CLIMATE REPORT
NATIONAL WEATHER SERVICE TOPEKA KS
431 PM CDT TUE MAY 22 2018


...................................

...THE EMPORIA KS CLIMATE SUMMARY FOR MAY 22 2018...
VALID TODAY AS OF 0400 PM LOCAL TIME.

CLIMATE NORMAL PERIOD 1981 TO 2010
CLIMATE RECORD PERIOD 9999 TO 9999


WEATHER ITEM   OBSERVED NORMAL DEPARTURE LAST
                VALUE   VALUE  FROM      YEAR
                               NORMAL
...............................................
TEMPERATURE (F)
 TODAY
  MAXIMUM         84     78      6       72
  MINIMUM         59     57      2       52
  AVERAGE         72     67      5       62

PRECIPITATION (IN)
  TODAY            0.00   0.17  -0.17      T
  MONTH TO DATE    3.07   3.33  -0.26     2.74
  SINCE MAR 1      6.83   9.24  -2.41    13.21
  SINCE JAN 1      8.16  11.10  -2.94    14.95

DEGREE DAYS
 HEATING
  TODAY            0      2     -2        3
  MONTH TO DATE    2     71    -69       79
  SINCE MAR 1   1084    978    106      810
  SINCE JUL 1   4812   4800     12     3901

 COOLING
  TODAY            7      4      3        0
  MONTH TO DATE  141     53     88       60
  SINCE MAR 1    149     76     73      102
  SINCE JAN 1    149     76     73      102
...............................................


WIND (MPH)
  HIGHEST WIND SPEED    15   HIGHEST WIND DIRECTION    SE (140)
  HIGHEST GUST SPEED    20   HIGHEST GUST DIRECTION    SE (140)
  AVERAGE WIND SPEED     7.3



WEATHER CONDITIONS
 THE FOLLOWING WEATHER WAS RECORDED TODAY.
  NO SIGNIFICANT WEATHER WAS OBSERVED.


RELATIVE HUMIDITY (PERCENT)
 HIGHEST    97
 LOWEST     55
 AVERAGE    76

..........................................................


THE EMPORIA KS CLIMATE NORMALS FOR TOMORROW
                         NORMAL
 MAXIMUM TEMPERATURE (F)   78
 MINIMUM TEMPERATURE (F)   57


SUNRISE AND SUNSET
MAY 22 2018...........SUNRISE   608 AM CDT   SUNSET   835 PM CDT
MAY 23 2018...........SUNRISE   608 AM CDT   SUNSET   836 PM CDT


-  INDICATES NEGATIVE NUMBERS.
R  INDICATES RECORD WAS SET OR TIED.
MM INDICATES DATA IS MISSING.
T  INDICATES TRACE AMOUNT.




$$
