000
CDUS46 KOTX 220824
CLIEPH


CLIMATE REPORT
NATIONAL WEATHER SERVICE SPOKANE, WA
121 AM PDT SUN APR 22 2018


...................................

...THE EPHRATA WA AIRPORT CLIMATE SUMMARY FOR APRIL 21 2018...

CLIMATE NORMAL PERIOD 1981 TO 2010
CLIMATE RECORD PERIOD 9999 TO 9999


WEATHER ITEM   OBSERVED TIME   RECORD YEAR NORMAL DEPARTURE LAST
                VALUE   (LST)  VALUE       VALUE  FROM      YEAR
                                                  NORMAL
..................................................................
TEMPERATURE (F)
 YESTERDAY
  MAXIMUM         62    210 PM  86    1956  64     -2       64
  MINIMUM         44   1156 PM  24    1985  39      5       42
  AVERAGE         53                        52      1       53

PRECIPITATION (IN)
  YESTERDAY        T             0.14 2014   0.02  -0.02     0.00
  MONTH TO DATE    1.06                      0.36   0.70     1.35
  SINCE OCT 1      5.95                      5.52   0.43     8.34
  SINCE JAN 1      3.37                      2.69   0.68     4.74

DEGREE DAYS
 HEATING
  YESTERDAY       12                        14     -2       12
  MONTH TO DATE  340                       330     10      340
  SINCE MAR 1   1013                      1014     -1     1022
  SINCE JUL 1   5247                      5587   -340     5800

 COOLING
  YESTERDAY        0                         0      0        0
  MONTH TO DATE    0                         0      0        0
  SINCE MAR 1      0                         0      0        0
  SINCE JAN 1      0                         0      0        0
..................................................................


WIND (MPH)
  HIGHEST WIND SPEED    24   HIGHEST WIND DIRECTION     W (290)
  HIGHEST GUST SPEED    32   HIGHEST GUST DIRECTION    NW (310)
  AVERAGE WIND SPEED    13.4


SKY COVER
  POSSIBLE SUNSHINE  MM
  AVERAGE SKY COVER 0.3


WEATHER CONDITIONS
 THE FOLLOWING WEATHER WAS RECORDED YESTERDAY.
  LIGHT RAIN


RELATIVE HUMIDITY (PERCENT)
 HIGHEST    56           300 AM
 LOWEST     20          1200 PM
 AVERAGE    38

..........................................................


THE EPHRATA WA AIRPORT CLIMATE NORMALS FOR TODAY
                         NORMAL    RECORD    YEAR
 MAXIMUM TEMPERATURE (F)   65        83      2012
 MINIMUM TEMPERATURE (F)   39        28      2008
                                             1985


SUNRISE AND SUNSET
APRIL 22 2018.........SUNRISE   557 AM PDT   SUNSET   757 PM PDT
APRIL 23 2018.........SUNRISE   555 AM PDT   SUNSET   759 PM PDT


-  INDICATES NEGATIVE NUMBERS.
R  INDICATES RECORD WAS SET OR TIED.
MM INDICATES DATA IS MISSING.
T  INDICATES TRACE AMOUNT.




$$
