000
CDUS41 KOKX 272048
CLIEWR


CLIMATE REPORT
NATIONAL WEATHER SERVICE NEW YORK NY
448 PM EDT SUN MAY 27 2018


...................................

...THE NEWARK NJ CLIMATE SUMMARY FOR MAY 27 2018...
VALID TODAY AS OF 0400 PM LOCAL TIME.

CLIMATE NORMAL PERIOD 1981 TO 2010
CLIMATE RECORD PERIOD 1929 TO 2018


WEATHER ITEM   OBSERVED TIME   RECORD YEAR NORMAL DEPARTURE LAST
                VALUE   (LST)  VALUE       VALUE  FROM      YEAR
                                                  NORMAL
..................................................................
TEMPERATURE (F)
 TODAY
  MAXIMUM         78    110 AM  97    1965  76      2       74
  MINIMUM         62    259 PM  43    1967  57      5       58
                                      1961
  AVERAGE         70                        66      4       66

PRECIPITATION (IN)
  TODAY            0.87          2.37 1991   0.14   0.73     0.00
  MONTH TO DATE    3.79                      3.52   0.27     6.87
  SINCE MAR 1     14.12                     11.90   2.22    15.43
  SINCE JAN 1     21.92                     18.32   3.60    22.17

SNOWFALL (IN)
  TODAY            0.0           0.0  2002   0.0    0.0      0.0
                                      2001
  MONTH TO DATE    0.0                       0.0    0.0      0.0
  SINCE OCT 1     39.4                      28.5   10.9     30.0
  SINCE JUL 1     39.4                      28.5   10.9     30.0
  SNOW DEPTH       0

DEGREE DAYS
 HEATING
  TODAY            0                         2     -2        0
  MONTH TO DATE   56                       128    -72      155
  SINCE MAR 1   1280                      1213     67     1192
  SINCE JUL 1   4605                      4848   -243     4201

 COOLING
  TODAY            5                         4      1        1
  MONTH TO DATE  111                        48     63       55
  SINCE MAR 1    117                        60     57       91
  SINCE JAN 1    120                        60     60       91
..................................................................


WIND (MPH)
  HIGHEST WIND SPEED    20   HIGHEST WIND DIRECTION    NE (50)
  HIGHEST GUST SPEED    27   HIGHEST GUST DIRECTION    NE (40)
  AVERAGE WIND SPEED     9.2


SKY COVER
  AVERAGE SKY COVER 1.0


WEATHER CONDITIONS
 THE FOLLOWING WEATHER WAS RECORDED TODAY.
  THUNDERSTORM
  HEAVY RAIN
  RAIN
  LIGHT RAIN
  FOG


RELATIVE HUMIDITY (PERCENT)
 HIGHEST    93           900 AM
 LOWEST     67           100 AM
 AVERAGE    80

..........................................................


THE NEWARK NJ CLIMATE NORMALS FOR TOMORROW
                         NORMAL    RECORD    YEAR
 MAXIMUM TEMPERATURE (F)   76        96      2016
 MINIMUM TEMPERATURE (F)   57        42      1961


SUNRISE AND SUNSET
MAY 27 2018...........SUNRISE   530 AM EDT   SUNSET   818 PM EDT
MAY 28 2018...........SUNRISE   530 AM EDT   SUNSET   819 PM EDT


-  INDICATES NEGATIVE NUMBERS.
R  INDICATES RECORD WAS SET OR TIED.
MM INDICATES DATA IS MISSING.
T  INDICATES TRACE AMOUNT.




$$
