000
CDUS43 KIND 240535
CLIEYE


CLIMATE REPORT
NATIONAL WEATHER SERVICE INDIANAPOLIS IN
134 AM EDT TUE APR 24 2018


...................................

...THE INDIANAPOLIS EAGLE CREEK IN CLIMATE SUMMARY FOR APRIL 23 2018...

CLIMATE NORMAL PERIOD 1981 TO 2010
CLIMATE RECORD PERIOD 9999 TO 9999


WEATHER ITEM   OBSERVED TIME   NORMAL DEPARTURE LAST
                VALUE   (LST)  VALUE  FROM      YEAR
                                      NORMAL
......................................................
TEMPERATURE (F)
 YESTERDAY
  MAXIMUM         57    440 PM  65     -8       71
  MINIMUM         47    325 AM  46      1       41
  AVERAGE         52            56     -4       56

PRECIPITATION (IN)
  YESTERDAY        0.27          0.14   0.13     0.00
  MONTH TO DATE    3.85          2.72   1.13     1.47
  SINCE MAR 1      7.25          6.02   1.23     5.92
  SINCE JAN 1     13.26         10.36   2.90    11.08

DEGREE DAYS
 HEATING
  YESTERDAY       13            10      3        9
  MONTH TO DATE  450           308    142      178
  SINCE MAR 1   1247          1008    239      826
  SINCE JUL 1   5131          5133     -2     4086

 COOLING
  YESTERDAY        0             1     -1        0
  MONTH TO DATE    7            13     -6       22
  SINCE MAR 1      7            14     -7       24
  SINCE JAN 1     13            14     -1       24
......................................................


WIND (MPH)
  HIGHEST WIND SPEED    16   HIGHEST WIND DIRECTION     E (110)
  HIGHEST GUST SPEED    24   HIGHEST GUST DIRECTION     E (100)
  AVERAGE WIND SPEED     8.6


SKY COVER
  AVERAGE SKY COVER 0.7


WEATHER CONDITIONS
 THE FOLLOWING WEATHER WAS RECORDED YESTERDAY.
  RAIN
  LIGHT RAIN
  FOG


RELATIVE HUMIDITY (PERCENT)
 HIGHEST    93           200 PM
 LOWEST     44          1200 AM
 AVERAGE    69

..........................................................


THE INDIANAPOLIS EAGLE CREEK IN CLIMATE NORMALS FOR TODAY
                         NORMAL
 MAXIMUM TEMPERATURE (F)   66
 MINIMUM TEMPERATURE (F)   46


SUNRISE AND SUNSET
APRIL 24 2018.........SUNRISE   655 AM EDT   SUNSET   833 PM EDT
APRIL 25 2018.........SUNRISE   653 AM EDT   SUNSET   834 PM EDT


-  INDICATES NEGATIVE NUMBERS.
R  INDICATES RECORD WAS SET OR TIED.
MM INDICATES DATA IS MISSING.
T  INDICATES TRACE AMOUNT.




$$
