000
CDAK49 PAFG 220045
CLIFAI

CLIMATE REPORT
NATIONAL WEATHER SERVICE FAIRBANKS AK
445 PM AKDT SAT APR 21 2018

...................................

...THE FAIRBANKS AK CLIMATE SUMMARY FOR APRIL 21 2018...
VALID TODAY AS OF 0400 PM LOCAL TIME.

CLIMATE NORMAL PERIOD 1981 TO 2010
CLIMATE RECORD PERIOD 1904 TO 2018


WEATHER ITEM   OBSERVED TIME   RECORD YEAR NORMAL DEPARTURE LAST
                VALUE   (LST)  VALUE       VALUE  FROM      YEAR
                                                  NORMAL
..................................................................
TEMPERATURE (F)
 TODAY
  MAXIMUM         40    243 PM  66    1940  48     -8       47
  MINIMUM         18    252 AM -20    1924  25     -7       21
  AVERAGE         29                        37     -8       34

PRECIPITATION (IN)
  TODAY            0.00          0.18 2002   0.02  -0.02     0.00
  MONTH TO DATE    0.06                      0.19  -0.13     0.09
  SINCE MAR 1      0.64                      0.44   0.20     0.26
  SINCE JAN 1      3.30                      1.44   1.86     2.46

SNOWFALL (IN)
  TODAY           MM             4.3  2002   0.1   MM        0.0
  MONTH TO DATE    1.8                       2.3   -0.5      1.2
  SINCE MAR 1     10.7                       7.2    3.5      4.7
  SINCE JUL 1     85.0                      63.5   21.5     83.7
  SNOW DEPTH      16

DEGREE DAYS
 HEATING
  TODAY           36                        28      8       31
  MONTH TO DATE  773                       749     24      659
  SINCE MAR 1   2296                      2409   -113     2758
  SINCE JUL 1  11521                     12799  -1278    12888

 COOLING
  TODAY            0                         0      0        0
  MONTH TO DATE    0                         0      0        0
  SINCE MAR 1      0                         0      0        0
  SINCE JAN 1      0                         0      0        0
..................................................................


WIND (MPH)
  HIGHEST GUST SPEED    16   HIGHEST GUST DIRECTION     N (10)


SKY COVER
  AVERAGE SKY COVER 0.7


WEATHER CONDITIONS
 THE FOLLOWING WEATHER WAS RECORDED TODAY.
  LIGHT SNOW
  FOG


RELATIVE HUMIDITY (PERCENT)
 HIGHEST    80
 LOWEST     48
 AVERAGE    64

..........................................................


THE FAIRBANKS AK CLIMATE NORMALS FOR TOMORROW
                         NORMAL    RECORD    YEAR
 MAXIMUM TEMPERATURE (F)   49        65      1940
 MINIMUM TEMPERATURE (F)   26       -20      1924


SUNRISE AND SUNSET
APRIL 21 2018.........SUNRISE   554 AM AKDT  SUNSET   948 PM AKDT
APRIL 22 2018.........SUNRISE   550 AM AKDT  SUNSET   952 PM AKDT


-  INDICATES NEGATIVE NUMBERS.
R  INDICATES RECORD WAS SET OR TIED.
MM INDICATES DATA IS MISSING.
T  INDICATES TRACE AMOUNT.

&&

SNOW DEPTH IS MEASURED AT 3AM AKST/4AM AKDT

----------------------------
AVAILABLE DAYLIGHT

AMOUNT OF DAYLIGHT TODAY  (HOUR:MIN)........16:02
GAIN SINCE YESTERDAY........................7 MINUTES
----------------------------

$$
THR APR 18
