043
CDUS43 KLMK 200627
CLIFFT


CLIMATE REPORT
NATIONAL WEATHER SERVICE LOUISVILLE KY
227 AM EDT SUN MAY 20 2018


...................................

...THE FRANKFORT KY CLIMATE SUMMARY FOR MAY 19 2018...

CLIMATE NORMAL PERIOD 1981 TO 2010
CLIMATE RECORD PERIOD 1895 TO 2018


WEATHER ITEM   OBSERVED TIME   RECORD YEAR NORMAL DEPARTURE LAST
                VALUE   (LST)  VALUE       VALUE  FROM      YEAR
                                                  NORMAL
..................................................................
TEMPERATURE (F)
 YESTERDAY
  MAXIMUM         80    522 PM  94    1962  76      4       85
  MINIMUM         66   1159 PM  32    2002  53     13       65
  AVERAGE         73                        65      8       75

PRECIPITATION (IN)
  YESTERDAY        0.72          1.86 2005   0.15   0.57     0.02
  MONTH TO DATE    4.23                      3.04   1.19     3.12
  SINCE MAR 1     13.19                     11.11   2.08    11.55
  SINCE JAN 1     23.96                     17.66   6.30    17.65

SNOWFALL (IN)
  YESTERDAY       MM            MM      MM  MM     MM       MM
  MONTH TO DATE   MM                        MM     MM       MM
  SINCE MAR 1     MM                        MM     MM       MM
  SINCE JUL 1     MM                        MM     MM       MM
  SNOW DEPTH      MM

DEGREE DAYS
 HEATING
  YESTERDAY        0                         3     -3        0
  MONTH TO DATE    9                        86    -77       84
  SINCE MAR 1   1115                      1025     90      753
  SINCE JUL 1   4493                      4664   -171     3523

 COOLING
  YESTERDAY        8                         3      5       10
  MONTH TO DATE  131                        34     97       61
  SINCE MAR 1    144                        54     90      134
  SINCE JAN 1    151                        54     97      137
..................................................................


WIND (MPH)
  HIGHEST WIND SPEED    17   HIGHEST WIND DIRECTION    SW (240)
  HIGHEST GUST SPEED    26   HIGHEST GUST DIRECTION    SW (230)
  AVERAGE WIND SPEED     6.5


SKY COVER
  POSSIBLE SUNSHINE  MM
  AVERAGE SKY COVER 0.5


WEATHER CONDITIONS
 THE FOLLOWING WEATHER WAS RECORDED YESTERDAY.
  THUNDERSTORM
  HEAVY RAIN
  RAIN
  LIGHT RAIN
  FOG


RELATIVE HUMIDITY (PERCENT)
 HIGHEST    87          1200 AM
 LOWEST     62           400 PM
 AVERAGE    75

..........................................................


THE FRANKFORT KY CLIMATE NORMALS FOR TODAY
                         NORMAL    RECORD    YEAR
 MAXIMUM TEMPERATURE (F)   77        92      1964
                                             1962
                                             1941
 MINIMUM TEMPERATURE (F)   54        38      1984


SUNRISE AND SUNSET
MAY 20 2018...........SUNRISE   625 AM EDT   SUNSET   848 PM EDT
MAY 21 2018...........SUNRISE   624 AM EDT   SUNSET   849 PM EDT


-  INDICATES NEGATIVE NUMBERS.
R  INDICATES RECORD WAS SET OR TIED.
MM INDICATES DATA IS MISSING.
T  INDICATES TRACE AMOUNT.




$$
