106
CDUS42 KILM 250840
CLIFLO


CLIMATE REPORT
NATIONAL WEATHER SERVICE WILMINGTON NC
440 AM EDT WED APR 25 2018


...................................

...THE FLORENCE SOUTH  CAROLINA CLIMATE SUMMARY FOR APRIL 24 2018...

CLIMATE NORMAL PERIOD 1981 TO 2010
CLIMATE RECORD PERIOD 1948 TO 2018


WEATHER ITEM   OBSERVED TIME   RECORD YEAR NORMAL DEPARTURE LAST
                VALUE   (LST)  VALUE       VALUE  FROM      YEAR
                                                  NORMAL
..................................................................
TEMPERATURE (F)
 YESTERDAY
  MAXIMUM         81    335 PM  92    2006  78      3       62
                                      1976
  MINIMUM         62   1156 PM  35    1982  53      9       57
  AVERAGE         72                        65      7       60

PRECIPITATION (IN)
  YESTERDAY        1.09          1.70 2017   0.09   1.00     1.70
  MONTH TO DATE    5.41                      2.10   3.31     4.53
  SINCE MAR 1      8.31                      5.43   2.88     6.13
  SINCE JAN 1     11.35                     11.58  -0.23    11.00

SNOWFALL (IN)
  YESTERDAY       MM            MM      MM   0.0
  MONTH TO DATE   MM                         0.0
  SINCE MAR 1     MM                         0.1
  SINCE JUL 1     MM                         1.5
  SNOW DEPTH      MM

DEGREE DAYS
 HEATING
  YESTERDAY        0                         3     -3        5
  MONTH TO DATE  136                       110     26       45
  SINCE MAR 1    519                       420     99      376
  SINCE JUL 1   2413                      2486    -73     1821

 COOLING
  YESTERDAY        7                         3      4        0
  MONTH TO DATE   42                        50     -8       83
  SINCE MAR 1     49                        68    -19      123
  SINCE JAN 1    101                        74     27      136
..................................................................


WIND (MPH)
  RESULTANT WIND SPEED   6   RESULTANT WIND DIRECTION   S (160)
  HIGHEST WIND SPEED    22   HIGHEST WIND DIRECTION    SE (130)
  HIGHEST GUST SPEED    31   HIGHEST GUST DIRECTION    SE (140)
  AVERAGE WIND SPEED     9.5


SKY COVER
  POSSIBLE SUNSHINE  MM
  AVERAGE SKY COVER 0.7


WEATHER CONDITIONS
 THE FOLLOWING WEATHER WAS RECORDED YESTERDAY.
  HEAVY RAIN
  RAIN
  LIGHT RAIN
  FOG
  HAZE


RELATIVE HUMIDITY (PERCENT)
 HIGHEST   100           300 AM
 LOWEST     42           400 PM
 AVERAGE    71

..........................................................


THE FLORENCE SOUTH  CAROLINA CLIMATE NORMALS FOR TODAY
                         NORMAL    RECORD    YEAR
 MAXIMUM TEMPERATURE (F)   78        92      1960
 MINIMUM TEMPERATURE (F)   53        39      2005


SUNRISE AND SUNSET
APRIL 25 2018.........SUNRISE   636 AM EDT   SUNSET   758 PM EDT
APRIL 26 2018.........SUNRISE   635 AM EDT   SUNSET   759 PM EDT


-  INDICATES NEGATIVE NUMBERS.
R  INDICATES RECORD WAS SET OR TIED.
MM INDICATES DATA IS MISSING.
T  INDICATES TRACE AMOUNT.




$$
