227
CDUS43 KFSD 202232
CLIFSD


CLIMATE REPORT
NATIONAL WEATHER SERVICE SIOUX FALLS SD
529 PM CDT SUN MAY 20 2018


...................................

...THE SIOUX FALLS SD CLIMATE SUMMARY FOR MAY 20 2018...
VALID TODAY AS OF 0500 PM LOCAL TIME.

CLIMATE NORMAL PERIOD 1981 TO 2010
CLIMATE RECORD PERIOD 1893 TO 2018


WEATHER ITEM   OBSERVED TIME   RECORD YEAR NORMAL DEPARTURE LAST
                VALUE   (LST)  VALUE       VALUE  FROM      YEAR
                                                  NORMAL
..................................................................
TEMPERATURE (F)
 TODAY
  MAXIMUM         60    153 PM  95    1934  71    -11       46
  MINIMUM         48    921 AM  27    1967  48      0       41
                                      1895
  AVERAGE         54                        59     -5       44

PRECIPITATION (IN)
  TODAY            T             1.89 1999   0.12  -0.12     0.66
  MONTH TO DATE    2.04                      2.14  -0.10     3.10
  SINCE MAR 1      7.44                      6.91   0.53     6.51
  SINCE JAN 1      8.98                      8.07   0.91     7.62

SNOWFALL (IN)
  TODAY            0.0          MM      MM   0.0    0.0      0.0
  MONTH TO DATE    0.0                       0.4   -0.4      2.2
  SINCE MAR 1     38.8                      13.4   25.4     11.5
  SINCE JUL 1     70.4                      44.9   25.5     42.9
  SNOW DEPTH       0

DEGREE DAYS
 HEATING
  TODAY           11                         7      4       21
  MONTH TO DATE  115                       189    -74      161
  SINCE MAR 1   1905                      1746    159     1545
  SINCE JUL 1   7557                      7596    -39     6351

 COOLING
  TODAY            0                         1     -1        0
  MONTH TO DATE    9                        16     -7       25
  SINCE MAR 1     16                        21     -5       26
  SINCE JAN 1     16                        21     -5       26
..................................................................


WIND (MPH)
  HIGHEST WIND SPEED    21   HIGHEST WIND DIRECTION    NE (50)
  HIGHEST GUST SPEED    29   HIGHEST GUST DIRECTION    NE (50)
  AVERAGE WIND SPEED    11.7


SKY COVER
  POSSIBLE SUNSHINE  MM
  AVERAGE SKY COVER 1.0


WEATHER CONDITIONS
 THE FOLLOWING WEATHER WAS RECORDED TODAY.
  LIGHT RAIN


RELATIVE HUMIDITY (PERCENT)
 HIGHEST    77           900 AM
 LOWEST     62           200 PM
 AVERAGE    70

..........................................................


THE SIOUX FALLS SD CLIMATE NORMALS FOR TOMORROW
                         NORMAL    RECORD    YEAR
 MAXIMUM TEMPERATURE (F)   71        93      1964
 MINIMUM TEMPERATURE (F)   48        25      1931


SUNRISE AND SUNSET
MAY 20 2018...........SUNRISE   557 AM CDT   SUNSET   850 PM CDT
MAY 21 2018...........SUNRISE   556 AM CDT   SUNSET   851 PM CDT


-  INDICATES NEGATIVE NUMBERS.
R  INDICATES RECORD WAS SET OR TIED.
MM INDICATES DATA IS MISSING.
T  INDICATES TRACE AMOUNT.




$$
