000
CDUS44 KTSA 192118
CLIFSM

CLIMATE REPORT
NATIONAL WEATHER SERVICE TULSA OK
418 PM CDT THU APR 19 2018


...................................

...THE FORT SMITH ARKANSAS CLIMATE SUMMARY FOR APRIL 19 2018...
VALID TODAY AS OF 0400 PM LOCAL TIME.

CLIMATE NORMAL PERIOD 1981 TO 2010
CLIMATE RECORD PERIOD 1882 TO 2018


WEATHER ITEM   OBSERVED TIME   RECORD YEAR NORMAL DEPARTURE LAST
                VALUE   (LST)  VALUE       VALUE  FROM      YEAR
                                                  NORMAL
..................................................................
TEMPERATURE (F)
 TODAY
  MAXIMUM         64    255 PM  95    1987  75    -11       83
  MINIMUM         43    559 AM  33    1953  51     -8       61
  AVERAGE         54                        63     -9       72

PRECIPITATION (IN)
  TODAY            0.00          2.00 1986   0.14  -0.14     0.00
  MONTH TO DATE    2.42                      2.57  -0.15     2.03
  SINCE MAR 1      5.49                      6.42  -0.93     5.78
  SINCE JAN 1     14.75                     11.99   2.76    10.60

SNOWFALL (IN)
  TODAY            0.0                                       0.0
  MONTH TO DATE    0.0                                       0.0
  SINCE MAR 1      0.0                                       0.0
  SINCE JUL 1      T                                         2.0

DEGREE DAYS
 HEATING
  TODAY           11                         4      7        0
  MONTH TO DATE  211                       120     91       32
  SINCE MAR 1    523                       506     17      293
  SINCE JUL 1   2998                      3179   -181     2202

 COOLING
  TODAY            0                         2     -2        7
  MONTH TO DATE    7                        28    -21       62
  SINCE MAR 1     13                        39    -26       96
  SINCE JAN 1     15                        40    -25      112
..................................................................


WIND (MPH)
  HIGHEST WIND SPEED    17   HIGHEST WIND DIRECTION     N (10)
  HIGHEST GUST SPEED    22   HIGHEST GUST DIRECTION    NW (320)
  AVERAGE WIND SPEED     8.6


SKY COVER
  POSSIBLE SUNSHINE  MM
  AVERAGE SKY COVER 0.0


WEATHER CONDITIONS
 THE FOLLOWING WEATHER WAS RECORDED TODAY.
  NO SIGNIFICANT WEATHER WAS OBSERVED.


RELATIVE HUMIDITY (PERCENT)
 HIGHEST    58           500 AM
 LOWEST     34           300 PM
 AVERAGE    46

..........................................................


THE FORT SMITH ARKANSAS CLIMATE NORMALS FOR TOMORROW
                         NORMAL    RECORD    YEAR
 MAXIMUM TEMPERATURE (F)   75        94      1987
 MINIMUM TEMPERATURE (F)   51        35      1978
                                             1953


SUNRISE AND SUNSET
APRIL 19 2018.........SUNRISE   640 AM CDT   SUNSET   754 PM CDT
APRIL 20 2018.........SUNRISE   639 AM CDT   SUNSET   754 PM CDT


-  INDICATES NEGATIVE NUMBERS.
R  INDICATES RECORD WAS SET OR TIED.
MM INDICATES DATA IS MISSING.
T  INDICATES TRACE AMOUNT.




$$

&&
...........................................................

THE ARKANSAS RIVER AT VAN BUREN

                   OBSERVED      24 HOUR     24 HOUR
                    VALUE        CHANGE      FORECAST

 STAGE (FEET)
  THIS AFTERNOON     19.4         -0.4

 MEAN FLOW (CFS)
  TODAY                                        2737
...........................................................
ALL DATA MEASURED AT THE FORT SMITH REGIONAL AIRPORT
