023
CDUS46 KSGX 231124
CLIFUL


CLIMATE REPORT
NATIONAL WEATHER SERVICE SAN DIEGO, CA
424 AM PDT WED MAY 23 2018


...................................

...THE FULLERTON AIRPORT CA CLIMATE SUMMARY FOR MAY 22 2018...

CLIMATE NORMAL PERIOD 1981 TO 2010
CLIMATE RECORD PERIOD 1998 TO 2018


WEATHER ITEM   OBSERVED TIME   RECORD YEAR NORMAL DEPARTURE LAST
                VALUE   (LST)  VALUE       VALUE  FROM      YEAR
                                                  NORMAL
..................................................................
TEMPERATURE (F)
 YESTERDAY
  MAXIMUM         70    423 PM  85    2005  75     -5       82
  MINIMUM         60    549 AM  52    2002  59      1       61
  AVERAGE         65                        67     -2       72

PRECIPITATION (IN)
  YESTERDAY        T             0.76 2006   0.00   0.00     0.00
  MONTH TO DATE    0.02                      0.23  -0.21     0.54
  SINCE OCT 1      3.09                     13.44 -10.35    16.91
  SINCE JAN 1      3.01                      9.54  -6.53    11.00

DEGREE DAYS
 HEATING
  YESTERDAY        0                         1     -1        0
  MONTH TO DATE   18                        27     -9       26
  SINCE MAR 1    185                       299   -114       98
  SINCE JUL 1    635                      1221   -586      795

 COOLING
  YESTERDAY        0                         2     -2        7
  MONTH TO DATE   47                        44      3       74
  SINCE MAR 1    102                        87     15      212
  SINCE JAN 1    139                        96     43      215
..................................................................


WIND (MPH)
  RESULTANT WIND SPEED   2   RESULTANT WIND DIRECTION   S (160)
  HIGHEST WIND SPEED    10   HIGHEST WIND DIRECTION     S (200)
  HIGHEST GUST SPEED    14   HIGHEST GUST DIRECTION     S (190)
  AVERAGE WIND SPEED     3.2


SKY COVER
  POSSIBLE SUNSHINE  MM
  AVERAGE SKY COVER 1.0


WEATHER CONDITIONS
 THE FOLLOWING WEATHER WAS RECORDED YESTERDAY.
  LIGHT RAIN


RELATIVE HUMIDITY (PERCENT)
 HIGHEST    78           300 AM
 LOWEST     53           400 PM
 AVERAGE    66

..........................................................


THE FULLERTON AIRPORT CA CLIMATE NORMALS FOR TODAY
                         NORMAL    RECORD    YEAR
 MAXIMUM TEMPERATURE (F)   75        85      2017
 MINIMUM TEMPERATURE (F)   59        54      2016
                                             2010


SUNRISE AND SUNSET
MAY 23 2018...........SUNRISE   546 AM PDT   SUNSET   752 PM PDT
MAY 24 2018...........SUNRISE   545 AM PDT   SUNSET   753 PM PDT


-  INDICATES NEGATIVE NUMBERS.
R  INDICATES RECORD WAS SET OR TIED.
MM INDICATES DATA IS MISSING.
T  INDICATES TRACE AMOUNT.




$$
