000
CDUS41 KPHI 230553
CLIGED


CLIMATE REPORT
NATIONAL WEATHER SERVICE MOUNT HOLLY NJ
153 AM EDT WED MAY 23 2018


...................................

...THE GEORGETOWN DE CLIMATE SUMMARY FOR MAY 22 2018...

CLIMATE NORMAL PERIOD 1981 TO 2010
CLIMATE RECORD PERIOD 1948 TO 2018


WEATHER ITEM   OBSERVED TIME   RECORD YEAR NORMAL DEPARTURE LAST
                VALUE   (LST)  VALUE       VALUE  FROM      YEAR
                                                  NORMAL
..................................................................
TEMPERATURE (F)
 YESTERDAY
  MAXIMUM         81    302 PM  92    1996  75      6       71
  MINIMUM         60   1256 AM  36    2002  55      5       60
  AVERAGE         71                        65      6       66

PRECIPITATION (IN)
  YESTERDAY        0.19          1.31 1949   0.13   0.06     0.60
  MONTH TO DATE    5.89                      2.36   3.53     3.38
  SINCE MAR 1     13.10                     10.04   3.06    10.23
  SINCE JAN 1     19.92                     15.75   4.17    14.47

DEGREE DAYS
 HEATING
  YESTERDAY        0                         3     -3        0
  MONTH TO DATE   25                       115    -90      102
  SINCE MAR 1   1099                      1095      4      883
  SINCE JUL 1   4057                      4375   -318     3568

 COOLING
  YESTERDAY        6                         3      3        1
  MONTH TO DATE  102                        41     61       57
  SINCE MAR 1    117                        61     56      125
  SINCE JAN 1    124                        61     63      125
..................................................................


WIND (MPH)
  HIGHEST WIND SPEED    13   HIGHEST WIND DIRECTION    SW (220)
  HIGHEST GUST SPEED    15   HIGHEST GUST DIRECTION    SW (220)
  AVERAGE WIND SPEED     5.8


SKY COVER
  POSSIBLE SUNSHINE  MM
  AVERAGE SKY COVER 0.5


WEATHER CONDITIONS
 THE FOLLOWING WEATHER WAS RECORDED YESTERDAY.
  THUNDERSTORM
  RAIN
  LIGHT RAIN
  FOG


RELATIVE HUMIDITY (PERCENT)
 HIGHEST    90          1200 AM
 LOWEST     54          1100 AM
 AVERAGE    72

..........................................................


THE GEORGETOWN DE CLIMATE NORMALS FOR TODAY
                         NORMAL    RECORD    YEAR
 MAXIMUM TEMPERATURE (F)   76        93      1964
 MINIMUM TEMPERATURE (F)   55        39      2006


SUNRISE AND SUNSET
MAY 23 2018...........SUNRISE   543 AM EDT   SUNSET   814 PM EDT
MAY 24 2018...........SUNRISE   543 AM EDT   SUNSET   814 PM EDT


-  INDICATES NEGATIVE NUMBERS.
R  INDICATES RECORD WAS SET OR TIED.
MM INDICATES DATA IS MISSING.
T  INDICATES TRACE AMOUNT.




$$
