000
CDUS46 KOTX 242351
CLIGEG


CLIMATE REPORT
NATIONAL WEATHER SERVICE SPOKANE, WA
450 PM PDT TUE APR 24 2018


...................................

...THE SPOKANE WA AIRPORT CLIMATE SUMMARY FOR APRIL 24 2018...
VALID AS OF 0400 PM LOCAL TIME.

CLIMATE NORMAL PERIOD 1981 TO 2010
CLIMATE RECORD PERIOD 1881 TO 2018


WEATHER ITEM   OBSERVED TIME   RECORD YEAR NORMAL DEPARTURE LAST
                VALUE   (LST)  VALUE       VALUE  FROM      YEAR
                                                  NORMAL
..................................................................
TEMPERATURE (F)
 TODAY
  MAXIMUM         68    254 PM  90    1977  60      8       52
  MINIMUM         41    421 AM  21    2002  38      3       42
  AVERAGE         55                        49      6       47

PRECIPITATION (IN)
  TODAY            0.00          0.63 1975   0.04  -0.04     0.03
  MONTH TO DATE    1.96                      1.06   0.90     1.45
  SINCE OCT 1     14.57                     11.57   3.00    21.09
  SINCE JAN 1      7.41                      5.79   1.62    11.80

SNOWFALL (IN)
  TODAY            0.0           1.4  1957   0.0    0.0      0.0
  MONTH TO DATE    T                         0.9   -0.9      0.5
  SINCE MAR 1      4.9                       4.4    0.5      5.9
  SINCE JUL 1     49.3                      44.7    4.6     61.5
  SNOW DEPTH       0

DEGREE DAYS
 HEATING
  TODAY           10                        16     -6       18
  MONTH TO DATE  488                       448     40      453
  SINCE MAR 1   1271                      1215     56     1194
  SINCE JUL 1   5918                      6044   -126     6187

 COOLING
  TODAY            0                         0      0        0
  MONTH TO DATE    0                         0      0        0
  SINCE MAR 1      0                         0      0        0
  SINCE JAN 1      0                         0      0        0
..................................................................


WIND (MPH)
  HIGHEST WIND SPEED    14   HIGHEST WIND DIRECTION    SE (140)
  HIGHEST GUST SPEED    18   HIGHEST GUST DIRECTION     E (90)
  AVERAGE WIND SPEED     6.8


SKY COVER
  POSSIBLE SUNSHINE  MM
  AVERAGE SKY COVER 0.5


WEATHER CONDITIONS
 THE FOLLOWING WEATHER WAS RECORDED TODAY.
  NO SIGNIFICANT WEATHER WAS OBSERVED.


RELATIVE HUMIDITY (PERCENT)
 HIGHEST    58           700 AM
 LOWEST     20          1200 PM
 AVERAGE    39

..........................................................


THE SPOKANE WA AIRPORT CLIMATE NORMALS FOR TOMORROW
                         NORMAL    RECORD    YEAR
 MAXIMUM TEMPERATURE (F)   60        89      1946
 MINIMUM TEMPERATURE (F)   38        21      1984


SUNRISE AND SUNSET
APRIL 24 2018.........SUNRISE   545 AM PDT   SUNSET   753 PM PDT
APRIL 25 2018.........SUNRISE   543 AM PDT   SUNSET   754 PM PDT


-  INDICATES NEGATIVE NUMBERS.
R  INDICATES RECORD WAS SET OR TIED.
MM INDICATES DATA IS MISSING.
T  INDICATES TRACE AMOUNT.




$$
