000
CDUS43 KIND 240534
CLIGEZ


CLIMATE REPORT
NATIONAL WEATHER SERVICE INDIANAPOLIS IN
134 AM EDT TUE APR 24 2018


...................................

...THE SHELBYVILLE IN CLIMATE SUMMARY FOR APRIL 23 2018...

CLIMATE NORMAL PERIOD 1981 TO 2010
CLIMATE RECORD PERIOD 9999 TO 9999


WEATHER ITEM   OBSERVED TIME   NORMAL DEPARTURE LAST
                VALUE   (LST)  VALUE  FROM      YEAR
                                      NORMAL
......................................................
TEMPERATURE (F)
 YESTERDAY
  MAXIMUM         59    328 PM  66     -7       73
  MINIMUM         50    337 AM  45      5       43
  AVERAGE         55            55      0       58

PRECIPITATION (IN)
  YESTERDAY        0.49          0.16   0.33     0.00
  MONTH TO DATE    4.36          3.06   1.30     1.28
  SINCE MAR 1      8.09          6.49   1.60     4.96
  SINCE JAN 1     16.27         11.24   5.03    10.40

DEGREE DAYS
 HEATING
  YESTERDAY       10            10      0        7
  MONTH TO DATE  426           314    112      164
  SINCE MAR 1   1211          1034    177      788
  SINCE JUL 1   5119          5197    -78     3971

 COOLING
  YESTERDAY        0             0      0        0
  MONTH TO DATE    8             0      8       40
  SINCE MAR 1      8             1      7       44
  SINCE JAN 1     13             1     12       44
......................................................


WIND (MPH)
  HIGHEST WIND SPEED    22   HIGHEST WIND DIRECTION     E (110)
  HIGHEST GUST SPEED    27   HIGHEST GUST DIRECTION     E (110)
  AVERAGE WIND SPEED    12.6


SKY COVER
  AVERAGE SKY COVER 0.7


WEATHER CONDITIONS
 THE FOLLOWING WEATHER WAS RECORDED YESTERDAY.
  RAIN
  LIGHT RAIN
  FOG
  HAZE


RELATIVE HUMIDITY (PERCENT)
 HIGHEST    86           100 PM
 LOWEST     46           600 AM
 AVERAGE    66

..........................................................


THE SHELBYVILLE IN CLIMATE NORMALS FOR TODAY
                         NORMAL
 MAXIMUM TEMPERATURE (F)   66
 MINIMUM TEMPERATURE (F)   45


SUNRISE AND SUNSET
APRIL 24 2018.........SUNRISE   653 AM EDT   SUNSET   830 PM EDT
APRIL 25 2018.........SUNRISE   652 AM EDT   SUNSET   831 PM EDT


-  INDICATES NEGATIVE NUMBERS.
R  INDICATES RECORD WAS SET OR TIED.
MM INDICATES DATA IS MISSING.
T  INDICATES TRACE AMOUNT.




$$
