000
CDUS41 KALY 230623
CLIGFL


CLIMATE REPORT
NATIONAL WEATHER SERVICE ALBANY NY
222 AM EDT MON APR 23 2018


...................................

...THE GLENS FALLS NY CLIMATE SUMMARY FOR APRIL 22 2018...

CLIMATE NORMAL PERIOD 1981 TO 2010
CLIMATE RECORD PERIOD 1949 TO 2018


WEATHER ITEM   OBSERVED TIME   RECORD YEAR NORMAL DEPARTURE LAST
                VALUE   (LST)  VALUE       VALUE  FROM      YEAR
                                                  NORMAL
..................................................................
TEMPERATURE (F)
 YESTERDAY
  MAXIMUM         61    231 PM  84    1973  60      1       55
  MINIMUM         23    421 AM  21    1975  35    -12       40
  AVERAGE         42                        47     -5       48

PRECIPITATION (IN)
  YESTERDAY        0.00          1.58 1969   0.10  -0.10      T
  MONTH TO DATE    1.68                      2.15  -0.47     2.96
  SINCE MAR 1      3.41                      5.09  -1.68     5.50
  SINCE JAN 1      8.17                     10.03  -1.86    10.19

DEGREE DAYS
 HEATING
  YESTERDAY       23                        18      5       17
  MONTH TO DATE  643                       484    159      367
  SINCE MAR 1   1662                      1527    135     1435
  SINCE JUL 1   6962                      7147   -185     5957

 COOLING
  YESTERDAY        0                         0      0        0
  MONTH TO DATE    0                         0      0        2
  SINCE MAR 1      0                         0      0        2
  SINCE JAN 1      0                         0      0        2
..................................................................


WIND (MPH)
  HIGHEST WIND SPEED    21   HIGHEST WIND DIRECTION     N (10)
  HIGHEST GUST SPEED    27   HIGHEST GUST DIRECTION     N (360)
  AVERAGE WIND SPEED     5.7


SKY COVER
  AVERAGE SKY COVER 0.0



RELATIVE HUMIDITY (PERCENT)
 HIGHEST    92           400 AM
 LOWEST     12           500 PM
 AVERAGE    52

..........................................................


THE GLENS FALLS NY CLIMATE NORMALS FOR TODAY
                         NORMAL    RECORD    YEAR
 MAXIMUM TEMPERATURE (F)   60        85      2007
 MINIMUM TEMPERATURE (F)   35        18      1982


SUNRISE AND SUNSET
APRIL 23 2018.........SUNRISE   559 AM EDT   SUNSET   747 PM EDT
APRIL 24 2018.........SUNRISE   558 AM EDT   SUNSET   748 PM EDT


-  INDICATES NEGATIVE NUMBERS.
R  INDICATES RECORD WAS SET OR TIED.
MM INDICATES DATA IS MISSING.
T  INDICATES TRACE AMOUNT.




$$
