000
CDUS45 KGGW 251232
CLIGGW


CLIMATE REPORT
NATIONAL WEATHER SERVICE GLASGOW MT
632 AM MDT FRI MAY 25 2018


...................................

...THE GLASGOW MT CLIMATE SUMMARY FOR MAY 25 2018...
VALID AS OF 0600 AM LOCAL TIME.

CLIMATE NORMAL PERIOD 1981 TO 2010
CLIMATE RECORD PERIOD 1893 TO 2018


WEATHER ITEM   OBSERVED TIME   RECORD YEAR NORMAL DEPARTURE LAST
                VALUE   (LST)  VALUE       VALUE  FROM      YEAR
                                                  NORMAL
..................................................................
TEMPERATURE (F)
 TODAY
  MINIMUM         60    500 AM  22    1903  46     14       44

PRECIPITATION (IN)
  TODAY            0.00          1.53 2013   0.08  -0.08      T
  MONTH TO DATE    0.88                      1.44  -0.56     0.58
  SINCE OCT 1      5.49                      4.89   0.60     6.14
  SINCE JAN 1      3.69                      3.34   0.35     2.61

SNOWFALL (IN)
  TODAY            0.0           T    1984   0.1   -0.1      0.0
  MONTH TO DATE    0.0                       1.2   -1.2      0.0
  SINCE MAR 1     25.3                       7.8   17.5      6.2
  SINCE JUL 1     63.4                      34.8   28.6     37.7
  SNOW DEPTH       0

DEGREE DAYS
 HEATING
  TODAY            1                         8     -7       12
  MONTH TO DATE  129                       282   -153      233
  SINCE MAR 1   2150                      1919    231     1770
  SINCE JUL 1   9016                      8289    727     7877

 COOLING
  TODAY            0                         1     -1        0
  MONTH TO DATE   23                         5     18       15
  SINCE MAR 1     23                         6     17       15
  SINCE JAN 1     23                         6     17       15
..................................................................





WEATHER CONDITIONS
 THE FOLLOWING WEATHER WAS RECORDED TODAY.
  NO SIGNIFICANT WEATHER WAS OBSERVED.


RELATIVE HUMIDITY (PERCENT)
 HIGHEST    64           400 AM

..........................................................


THE GLASGOW MT CLIMATE NORMALS FOR TOMORROW
                         NORMAL    RECORD    YEAR
 MAXIMUM TEMPERATURE (F)   71        99      1934
 MINIMUM TEMPERATURE (F)   46        27      1904


SUNRISE AND SUNSET
MAY 25 2018...........SUNRISE   516 AM MDT   SUNSET   852 PM MDT
MAY 26 2018...........SUNRISE   515 AM MDT   SUNSET   853 PM MDT


-  INDICATES NEGATIVE NUMBERS.
R  INDICATES RECORD WAS SET OR TIED.
MM INDICATES DATA IS MISSING.
T  INDICATES TRACE AMOUNT.




$$
